

{"version":"1.0","provider_name":"starke-meinungen.de","provider_url":"https:\/\/starke-meinungen.de\/blog","author_name":"Ludwig Greven","author_url":"https:\/\/starke-meinungen.de\/blog\/author\/greven\/","title":"Der Cem - das Schlitzohr - starke-meinungen.de","type":"rich","width":600,"height":338,"html":"<blockquote class=\"wp-embedded-content\" data-secret=\"2HpEQHbes9\"><a href=\"https:\/\/starke-meinungen.de\/blog\/2026\/03\/09\/der-cem-das-schlitzohr\/\">Der Cem &#8211; das Schlitzohr<\/a><\/blockquote><iframe sandbox=\"allow-scripts\" security=\"restricted\" src=\"https:\/\/starke-meinungen.de\/blog\/2026\/03\/09\/der-cem-das-schlitzohr\/embed\/#?secret=2HpEQHbes9\" width=\"600\" height=\"338\" title=\"&#8222;Der Cem &#8211; das Schlitzohr&#8220; &#8211; starke-meinungen.de\" data-secret=\"2HpEQHbes9\" frameborder=\"0\" marginwidth=\"0\" marginheight=\"0\" scrolling=\"no\" class=\"wp-embedded-content\"><\/iframe><script type=\"text\/javascript\">\n\/* <![CDATA[ *\/\n\/*! This file is auto-generated *\/\n!function(d,l){\"use strict\";l.querySelector&&d.addEventListener&&\"undefined\"!=typeof URL&&(d.wp=d.wp||{},d.wp.receiveEmbedMessage||(d.wp.receiveEmbedMessage=function(e){var t=e.data;if((t||t.secret||t.message||t.value)&&!\/[^a-zA-Z0-9]\/.test(t.secret)){for(var s,r,n,a=l.querySelectorAll('iframe[data-secret=\"'+t.secret+'\"]'),o=l.querySelectorAll('blockquote[data-secret=\"'+t.secret+'\"]'),c=new RegExp(\"^https?:$\",\"i\"),i=0;i<o.length;i++)o[i].style.display=\"none\";for(i=0;i<a.length;i++)s=a[i],e.source===s.contentWindow&&(s.removeAttribute(\"style\"),\"height\"===t.message?(1e3<(r=parseInt(t.value,10))?r=1e3:~~r<200&&(r=200),s.height=r):\"link\"===t.message&&(r=new URL(s.getAttribute(\"src\")),n=new URL(t.value),c.test(n.protocol))&&n.host===r.host&&l.activeElement===s&&(d.top.location.href=t.value))}},d.addEventListener(\"message\",d.wp.receiveEmbedMessage,!1),l.addEventListener(\"DOMContentLoaded\",function(){for(var e,t,s=l.querySelectorAll(\"iframe.wp-embedded-content\"),r=0;r<s.length;r++)(t=(e=s[r]).getAttribute(\"data-secret\"))||(t=Math.random().toString(36).substring(2,12),e.src+=\"#?secret=\"+t,e.setAttribute(\"data-secret\",t)),e.contentWindow.postMessage({message:\"ready\",secret:t},\"*\")},!1)))}(window,document);\n\/\/# sourceURL=https:\/\/starke-meinungen.de\/blog\/wp-includes\/js\/wp-embed.min.js\n\/* ]]> *\/\n<\/script>\n","description":"Cem \u00d6zdemir, der strahlende Wahlsieger und k\u00fcnftige Ministerpr\u00e4sident im L\u00e4ndle, hat viele Schl\u00e4ge und R\u00fcckschl\u00e4ge einstecken m\u00fcssen, bis er ganz oben ankam, Lebenstraum vieler Migrantenkinder. Geholfen haben ihm Charme, Realismus, Hartn\u00e4ckigheit \u2013 und Gewitzheit. Ich lernte ihn Anfang der 1990er Jahre in Bonn als jungen Bundestagsabgeordneten kennen. Und sch\u00e4tzen. Bei Journalisten und Medien war er schon damals beliebt, weil er... Weiterlesen &raquo;","thumbnail_url":"https:\/\/starke-meinungen.de\/blog\/wp-content\/uploads\/oezdemir2020.jpg","thumbnail_width":650,"thumbnail_height":462}

Cem Özdemir, der strahlende Wahlsieger und künftige Ministerpräsident im Ländle, hat viele Schläge und Rückschläge einstecken müssen, bis er ganz oben ankam, Lebenstraum vieler Migrantenkinder. Geholfen haben ihm Charme, Realismus, Hartnäckigheit – und Gewitzheit. Ich lernte ihn Anfang der 1990er Jahre in Bonn als jungen Bundestagsabgeordneten kennen. Und schätzen. Bei Journalisten und Medien war er schon damals beliebt, weil er... Weiterlesen &raquo;
