

{"version":"1.0","provider_name":"starke-meinungen.de","provider_url":"https:\/\/starke-meinungen.de\/blog","author_name":"Saba Farzan","author_url":"https:\/\/starke-meinungen.de\/blog\/author\/farzan\/","title":"Historische Proteste im Iran - starke-meinungen.de","type":"rich","width":600,"height":338,"html":"<blockquote class=\"wp-embedded-content\" data-secret=\"63lsyjNVOv\"><a href=\"https:\/\/starke-meinungen.de\/blog\/2025\/12\/31\/historische-proteste-im-iran\/\">Historische Proteste im Iran<\/a><\/blockquote><iframe sandbox=\"allow-scripts\" security=\"restricted\" src=\"https:\/\/starke-meinungen.de\/blog\/2025\/12\/31\/historische-proteste-im-iran\/embed\/#?secret=63lsyjNVOv\" width=\"600\" height=\"338\" title=\"&#8222;Historische Proteste im Iran&#8220; &#8211; starke-meinungen.de\" data-secret=\"63lsyjNVOv\" frameborder=\"0\" marginwidth=\"0\" marginheight=\"0\" scrolling=\"no\" class=\"wp-embedded-content\"><\/iframe><script type=\"text\/javascript\">\n\/* <![CDATA[ *\/\n\/*! This file is auto-generated *\/\n!function(d,l){\"use strict\";l.querySelector&&d.addEventListener&&\"undefined\"!=typeof URL&&(d.wp=d.wp||{},d.wp.receiveEmbedMessage||(d.wp.receiveEmbedMessage=function(e){var t=e.data;if((t||t.secret||t.message||t.value)&&!\/[^a-zA-Z0-9]\/.test(t.secret)){for(var s,r,n,a=l.querySelectorAll('iframe[data-secret=\"'+t.secret+'\"]'),o=l.querySelectorAll('blockquote[data-secret=\"'+t.secret+'\"]'),c=new RegExp(\"^https?:$\",\"i\"),i=0;i<o.length;i++)o[i].style.display=\"none\";for(i=0;i<a.length;i++)s=a[i],e.source===s.contentWindow&&(s.removeAttribute(\"style\"),\"height\"===t.message?(1e3<(r=parseInt(t.value,10))?r=1e3:~~r<200&&(r=200),s.height=r):\"link\"===t.message&&(r=new URL(s.getAttribute(\"src\")),n=new URL(t.value),c.test(n.protocol))&&n.host===r.host&&l.activeElement===s&&(d.top.location.href=t.value))}},d.addEventListener(\"message\",d.wp.receiveEmbedMessage,!1),l.addEventListener(\"DOMContentLoaded\",function(){for(var e,t,s=l.querySelectorAll(\"iframe.wp-embedded-content\"),r=0;r<s.length;r++)(t=(e=s[r]).getAttribute(\"data-secret\"))||(t=Math.random().toString(36).substring(2,12),e.src+=\"#?secret=\"+t,e.setAttribute(\"data-secret\",t)),e.contentWindow.postMessage({message:\"ready\",secret:t},\"*\")},!1)))}(window,document);\n\/\/# sourceURL=https:\/\/starke-meinungen.de\/blog\/wp-includes\/js\/wp-embed.min.js\n\/* ]]> *\/\n<\/script>\n","description":"Zum ersten Mal unterst\u00fctzen Basar-H\u00e4ndler und regimenahe Studenten den Freiheitswillen des Volkes und demonstrieren landesweit auf den Stra\u00dfen. Israel zeigt Solidarit\u00e4t, w\u00e4hrend aus Europa nur laue Unterst\u00fctzung kommt. Das islamistische Regime wankt. Es war nur eine Frage der Zeit: zivilgesellschaftliche Freiheitsdemonstrationen im Iran sind wieder da. Aufgeflammt im Basar von Teheran haben die Proteste innerhalb kurzer Zeit wieder unterschiedliche Teile... Weiterlesen &raquo;","thumbnail_url":"https:\/\/starke-meinungen.de\/blog\/wp-content\/uploads\/iran.jpeg","thumbnail_width":1080,"thumbnail_height":1350}

Zum ersten Mal unterstützen Basar-Händler und regimenahe Studenten den Freiheitswillen des Volkes und demonstrieren landesweit auf den Straßen. Israel zeigt Solidarität, während aus Europa nur laue Unterstützung kommt. Das islamistische Regime wankt. Es war nur eine Frage der Zeit: zivilgesellschaftliche Freiheitsdemonstrationen im Iran sind wieder da. Aufgeflammt im Basar von Teheran haben die Proteste innerhalb kurzer Zeit wieder unterschiedliche Teile... Weiterlesen &raquo;
