

{"version":"1.0","provider_name":"starke-meinungen.de","provider_url":"https:\/\/starke-meinungen.de\/blog","author_name":"Ludwig Greven","author_url":"https:\/\/starke-meinungen.de\/blog\/author\/greven\/","title":"Merz hat recht - starke-meinungen.de","type":"rich","width":600,"height":338,"html":"<blockquote class=\"wp-embedded-content\" data-secret=\"LMe9PKJo7x\"><a href=\"https:\/\/starke-meinungen.de\/blog\/2025\/01\/28\/merz-hat-recht\/\">Merz hat recht<\/a><\/blockquote><iframe sandbox=\"allow-scripts\" security=\"restricted\" src=\"https:\/\/starke-meinungen.de\/blog\/2025\/01\/28\/merz-hat-recht\/embed\/#?secret=LMe9PKJo7x\" width=\"600\" height=\"338\" title=\"&#8222;Merz hat recht&#8220; &#8211; starke-meinungen.de\" data-secret=\"LMe9PKJo7x\" frameborder=\"0\" marginwidth=\"0\" marginheight=\"0\" scrolling=\"no\" class=\"wp-embedded-content\"><\/iframe><script type=\"text\/javascript\">\n\/* <![CDATA[ *\/\n\/*! This file is auto-generated *\/\n!function(d,l){\"use strict\";l.querySelector&&d.addEventListener&&\"undefined\"!=typeof URL&&(d.wp=d.wp||{},d.wp.receiveEmbedMessage||(d.wp.receiveEmbedMessage=function(e){var t=e.data;if((t||t.secret||t.message||t.value)&&!\/[^a-zA-Z0-9]\/.test(t.secret)){for(var s,r,n,a=l.querySelectorAll('iframe[data-secret=\"'+t.secret+'\"]'),o=l.querySelectorAll('blockquote[data-secret=\"'+t.secret+'\"]'),c=new RegExp(\"^https?:$\",\"i\"),i=0;i<o.length;i++)o[i].style.display=\"none\";for(i=0;i<a.length;i++)s=a[i],e.source===s.contentWindow&&(s.removeAttribute(\"style\"),\"height\"===t.message?(1e3<(r=parseInt(t.value,10))?r=1e3:~~r<200&&(r=200),s.height=r):\"link\"===t.message&&(r=new URL(s.getAttribute(\"src\")),n=new URL(t.value),c.test(n.protocol))&&n.host===r.host&&l.activeElement===s&&(d.top.location.href=t.value))}},d.addEventListener(\"message\",d.wp.receiveEmbedMessage,!1),l.addEventListener(\"DOMContentLoaded\",function(){for(var e,t,s=l.querySelectorAll(\"iframe.wp-embedded-content\"),r=0;r<s.length;r++)(t=(e=s[r]).getAttribute(\"data-secret\"))||(t=Math.random().toString(36).substring(2,12),e.src+=\"#?secret=\"+t,e.setAttribute(\"data-secret\",t)),e.contentWindow.postMessage({message:\"ready\",secret:t},\"*\")},!1)))}(window,document);\n\/\/# sourceURL=https:\/\/starke-meinungen.de\/blog\/wp-includes\/js\/wp-embed.min.js\n\/* ]]> *\/\n<\/script>\n","description":"Das chaotische, Menschenleben gef\u00e4hrdende deutsche Asylsystem muss umgekrempelt werden, um den Vormarsch der V\u00f6lkischen zu stoppen, den inneren Frieden zu wahren und die Gesellschaft, die Kommunen und das Asylrecht vor weiterer \u00dcberforderung zu sch\u00fctzen. Damit wir tats\u00e4chlich Schutzbed\u00fcrftige weiterhin aufnehmen k\u00f6nnen. Vor 30 Jahren hat die frisch wiedervereinte Bundesrepublik schon einmal eine hitzige Asyldebatte erlebt. Auch damals str\u00f6mten nach dem... Weiterlesen &raquo;","thumbnail_url":"https:\/\/starke-meinungen.de\/blog\/wp-content\/uploads\/starke-meinungen-fb-header.jpg","thumbnail_width":1200,"thumbnail_height":630}

Das chaotische, Menschenleben gefährdende deutsche Asylsystem muss umgekrempelt werden, um den Vormarsch der Völkischen zu stoppen, den inneren Frieden zu wahren und die Gesellschaft, die Kommunen und das Asylrecht vor weiterer Überforderung zu schützen. Damit wir tatsächlich Schutzbedürftige weiterhin aufnehmen können. Vor 30 Jahren hat die frisch wiedervereinte Bundesrepublik schon einmal eine hitzige Asyldebatte erlebt. Auch damals strömten nach dem... Weiterlesen &raquo;
