

{"version":"1.0","provider_name":"starke-meinungen.de","provider_url":"https:\/\/starke-meinungen.de\/blog","author_name":"Ludwig Greven","author_url":"https:\/\/starke-meinungen.de\/blog\/author\/greven\/","title":"Den Imperialismus in seinem Lauf... - starke-meinungen.de","type":"rich","width":600,"height":338,"html":"<blockquote class=\"wp-embedded-content\" data-secret=\"mWoA1vilMr\"><a href=\"https:\/\/starke-meinungen.de\/blog\/2025\/01\/08\/den-imperialismus-in-seinem-lauf\/\">Den Imperialismus in seinem Lauf&#8230;<\/a><\/blockquote><iframe sandbox=\"allow-scripts\" security=\"restricted\" src=\"https:\/\/starke-meinungen.de\/blog\/2025\/01\/08\/den-imperialismus-in-seinem-lauf\/embed\/#?secret=mWoA1vilMr\" width=\"600\" height=\"338\" title=\"&#8222;Den Imperialismus in seinem Lauf&#8230;&#8220; &#8211; starke-meinungen.de\" data-secret=\"mWoA1vilMr\" frameborder=\"0\" marginwidth=\"0\" marginheight=\"0\" scrolling=\"no\" class=\"wp-embedded-content\"><\/iframe><script type=\"text\/javascript\">\n\/* <![CDATA[ *\/\n\/*! This file is auto-generated *\/\n!function(d,l){\"use strict\";l.querySelector&&d.addEventListener&&\"undefined\"!=typeof URL&&(d.wp=d.wp||{},d.wp.receiveEmbedMessage||(d.wp.receiveEmbedMessage=function(e){var t=e.data;if((t||t.secret||t.message||t.value)&&!\/[^a-zA-Z0-9]\/.test(t.secret)){for(var s,r,n,a=l.querySelectorAll('iframe[data-secret=\"'+t.secret+'\"]'),o=l.querySelectorAll('blockquote[data-secret=\"'+t.secret+'\"]'),c=new RegExp(\"^https?:$\",\"i\"),i=0;i<o.length;i++)o[i].style.display=\"none\";for(i=0;i<a.length;i++)s=a[i],e.source===s.contentWindow&&(s.removeAttribute(\"style\"),\"height\"===t.message?(1e3<(r=parseInt(t.value,10))?r=1e3:~~r<200&&(r=200),s.height=r):\"link\"===t.message&&(r=new URL(s.getAttribute(\"src\")),n=new URL(t.value),c.test(n.protocol))&&n.host===r.host&&l.activeElement===s&&(d.top.location.href=t.value))}},d.addEventListener(\"message\",d.wp.receiveEmbedMessage,!1),l.addEventListener(\"DOMContentLoaded\",function(){for(var e,t,s=l.querySelectorAll(\"iframe.wp-embedded-content\"),r=0;r<s.length;r++)(t=(e=s[r]).getAttribute(\"data-secret\"))||(t=Math.random().toString(36).substring(2,12),e.src+=\"#?secret=\"+t,e.setAttribute(\"data-secret\",t)),e.contentWindow.postMessage({message:\"ready\",secret:t},\"*\")},!1)))}(window,document);\n\/\/# sourceURL=https:\/\/starke-meinungen.de\/blog\/wp-includes\/js\/wp-embed.min.js\n\/* ]]> *\/\n<\/script>\n","description":"Trumps auch milit\u00e4rischer Griff nach Gr\u00f6nland und dem Panamakanal mag zun\u00e4chst skurril erscheinen &#8211; als h\u00e4tte die Welt nicht schon genug Probleme. Aber wenn er es nur halbwegs ernst meint, w\u00e4re das eine noch weit gr\u00f6\u00dfere Gefahr als das angedrohte Einstellen der Milit\u00e4rhilfe f\u00fcr die Ukraine. Denn es w\u00fcrde die internationale Ordnung endg\u00fcltig aushebeln. Und es st\u00e4rkt besonders Linke und... Weiterlesen &raquo;","thumbnail_url":"https:\/\/starke-meinungen.de\/blog\/wp-content\/uploads\/starke-meinungen-fb-header.jpg","thumbnail_width":1200,"thumbnail_height":630}

Trumps auch militärischer Griff nach Grönland und dem Panamakanal mag zunächst skurril erscheinen &#8211; als hätte die Welt nicht schon genug Probleme. Aber wenn er es nur halbwegs ernst meint, wäre das eine noch weit größere Gefahr als das angedrohte Einstellen der Militärhilfe für die Ukraine. Denn es würde die internationale Ordnung endgültig aushebeln. Und es stärkt besonders Linke und... Weiterlesen &raquo;
