

{"version":"1.0","provider_name":"starke-meinungen.de","provider_url":"https:\/\/starke-meinungen.de\/blog","author_name":"Marc Peschke","author_url":"https:\/\/starke-meinungen.de\/blog\/author\/peschke\/","title":"Spessart-Winter. Nach Bad Orb und Aschaffenburg - starke-meinungen.de","type":"rich","width":600,"height":338,"html":"<blockquote class=\"wp-embedded-content\" data-secret=\"Rd4XDofz9w\"><a href=\"https:\/\/starke-meinungen.de\/blog\/2025\/01\/05\/spessart-winter-nach-bad-orb-und-aschaffenburg\/\">Spessart-Winter. Nach Bad Orb und Aschaffenburg<\/a><\/blockquote><iframe sandbox=\"allow-scripts\" security=\"restricted\" src=\"https:\/\/starke-meinungen.de\/blog\/2025\/01\/05\/spessart-winter-nach-bad-orb-und-aschaffenburg\/embed\/#?secret=Rd4XDofz9w\" width=\"600\" height=\"338\" title=\"&#8222;Spessart-Winter. Nach Bad Orb und Aschaffenburg&#8220; &#8211; starke-meinungen.de\" data-secret=\"Rd4XDofz9w\" frameborder=\"0\" marginwidth=\"0\" marginheight=\"0\" scrolling=\"no\" class=\"wp-embedded-content\"><\/iframe><script type=\"text\/javascript\">\n\/* <![CDATA[ *\/\n\/*! This file is auto-generated *\/\n!function(d,l){\"use strict\";l.querySelector&&d.addEventListener&&\"undefined\"!=typeof URL&&(d.wp=d.wp||{},d.wp.receiveEmbedMessage||(d.wp.receiveEmbedMessage=function(e){var t=e.data;if((t||t.secret||t.message||t.value)&&!\/[^a-zA-Z0-9]\/.test(t.secret)){for(var s,r,n,a=l.querySelectorAll('iframe[data-secret=\"'+t.secret+'\"]'),o=l.querySelectorAll('blockquote[data-secret=\"'+t.secret+'\"]'),c=new RegExp(\"^https?:$\",\"i\"),i=0;i<o.length;i++)o[i].style.display=\"none\";for(i=0;i<a.length;i++)s=a[i],e.source===s.contentWindow&&(s.removeAttribute(\"style\"),\"height\"===t.message?(1e3<(r=parseInt(t.value,10))?r=1e3:~~r<200&&(r=200),s.height=r):\"link\"===t.message&&(r=new URL(s.getAttribute(\"src\")),n=new URL(t.value),c.test(n.protocol))&&n.host===r.host&&l.activeElement===s&&(d.top.location.href=t.value))}},d.addEventListener(\"message\",d.wp.receiveEmbedMessage,!1),l.addEventListener(\"DOMContentLoaded\",function(){for(var e,t,s=l.querySelectorAll(\"iframe.wp-embedded-content\"),r=0;r<s.length;r++)(t=(e=s[r]).getAttribute(\"data-secret\"))||(t=Math.random().toString(36).substring(2,12),e.src+=\"#?secret=\"+t,e.setAttribute(\"data-secret\",t)),e.contentWindow.postMessage({message:\"ready\",secret:t},\"*\")},!1)))}(window,document);\n\/\/# sourceURL=https:\/\/starke-meinungen.de\/blog\/wp-includes\/js\/wp-embed.min.js\n\/* ]]> *\/\n<\/script>\n","description":"Spessart-Winter. Nach Bad Orb und Aschaffenburg In den Spessart geht es diesmal \u2013 wir haben es gar nicht weit. Von S\u00fcden kommend hinein in den gro\u00dfen Wald, ein Wald der Superlative sogar, ist er doch der gr\u00f6\u00dfte zusammenh\u00e4ngende Laubmischwald Deutschlands. Seit der Kindheit kennen wir ihn. Unweit von hier, in Hanau, wurden die Br\u00fcder Grimm geboren, die M\u00e4rchensammler \u2013 und... Weiterlesen &raquo;","thumbnail_url":"https:\/\/starke-meinungen.de\/blog\/wp-content\/uploads\/IMG_6577-scaled.jpg","thumbnail_width":2560,"thumbnail_height":1920}

Spessart-Winter. Nach Bad Orb und Aschaffenburg In den Spessart geht es diesmal – wir haben es gar nicht weit. Von Süden kommend hinein in den großen Wald, ein Wald der Superlative sogar, ist er doch der größte zusammenhängende Laubmischwald Deutschlands. Seit der Kindheit kennen wir ihn. Unweit von hier, in Hanau, wurden die Brüder Grimm geboren, die Märchensammler – und... Weiterlesen &raquo;
