

{"version":"1.0","provider_name":"starke-meinungen.de","provider_url":"https:\/\/starke-meinungen.de\/blog","author_name":"Ludwig Greven","author_url":"https:\/\/starke-meinungen.de\/blog\/author\/greven\/","title":"Nach Pistorius' Absage: Sozialdemokratische Resterampe - starke-meinungen.de","type":"rich","width":600,"height":338,"html":"<blockquote class=\"wp-embedded-content\" data-secret=\"OFyr4uABsj\"><a href=\"https:\/\/starke-meinungen.de\/blog\/2024\/11\/24\/nach-pistorius-absage-sozialdemokratische-resterampe\/\">Nach Pistorius&#8216; Absage: Sozialdemokratische Resterampe<\/a><\/blockquote><iframe sandbox=\"allow-scripts\" security=\"restricted\" src=\"https:\/\/starke-meinungen.de\/blog\/2024\/11\/24\/nach-pistorius-absage-sozialdemokratische-resterampe\/embed\/#?secret=OFyr4uABsj\" width=\"600\" height=\"338\" title=\"&#8222;Nach Pistorius&#8216; Absage: Sozialdemokratische Resterampe&#8220; &#8211; starke-meinungen.de\" data-secret=\"OFyr4uABsj\" frameborder=\"0\" marginwidth=\"0\" marginheight=\"0\" scrolling=\"no\" class=\"wp-embedded-content\"><\/iframe><script type=\"text\/javascript\">\n\/* <![CDATA[ *\/\n\/*! This file is auto-generated *\/\n!function(d,l){\"use strict\";l.querySelector&&d.addEventListener&&\"undefined\"!=typeof URL&&(d.wp=d.wp||{},d.wp.receiveEmbedMessage||(d.wp.receiveEmbedMessage=function(e){var t=e.data;if((t||t.secret||t.message||t.value)&&!\/[^a-zA-Z0-9]\/.test(t.secret)){for(var s,r,n,a=l.querySelectorAll('iframe[data-secret=\"'+t.secret+'\"]'),o=l.querySelectorAll('blockquote[data-secret=\"'+t.secret+'\"]'),c=new RegExp(\"^https?:$\",\"i\"),i=0;i<o.length;i++)o[i].style.display=\"none\";for(i=0;i<a.length;i++)s=a[i],e.source===s.contentWindow&&(s.removeAttribute(\"style\"),\"height\"===t.message?(1e3<(r=parseInt(t.value,10))?r=1e3:~~r<200&&(r=200),s.height=r):\"link\"===t.message&&(r=new URL(s.getAttribute(\"src\")),n=new URL(t.value),c.test(n.protocol))&&n.host===r.host&&l.activeElement===s&&(d.top.location.href=t.value))}},d.addEventListener(\"message\",d.wp.receiveEmbedMessage,!1),l.addEventListener(\"DOMContentLoaded\",function(){for(var e,t,s=l.querySelectorAll(\"iframe.wp-embedded-content\"),r=0;r<s.length;r++)(t=(e=s[r]).getAttribute(\"data-secret\"))||(t=Math.random().toString(36).substring(2,12),e.src+=\"#?secret=\"+t,e.setAttribute(\"data-secret\",t)),e.contentWindow.postMessage({message:\"ready\",secret:t},\"*\")},!1)))}(window,document);\n\/\/# sourceURL=https:\/\/starke-meinungen.de\/blog\/wp-includes\/js\/wp-embed.min.js\n\/* ]]> *\/\n<\/script>\n","description":"\u00a0 Ein Beitrag von Ludwig Greven Verbraucht, zerstritten, orientierungslos: Nach wochenlangem F\u00fchrungschaos tritt die SPD bei der Neuwahl nun doch mit ihrem gescheiterten, bei den B\u00fcrgern wie in der Partei h\u00f6chst unbeliebten Kanzler an. Fast k\u00f6nnte man den Eindruck bekommen, sie m\u00f6chte gar nicht mehr regieren. Das w\u00e4re wahrscheinlich f\u00fcrs Erste auch besser so. F\u00fcr sie wie das Land.","thumbnail_url":"https:\/\/starke-meinungen.de\/blog\/wp-content\/uploads\/starke-meinungen-fb-header.jpg","thumbnail_width":1200,"thumbnail_height":630}

Ein Beitrag von Ludwig Greven Verbraucht, zerstritten, orientierungslos: Nach wochenlangem Führungschaos tritt die SPD bei der Neuwahl nun doch mit ihrem gescheiterten, bei den Bürgern wie in der Partei höchst unbeliebten Kanzler an. Fast könnte man den Eindruck bekommen, sie möchte gar nicht mehr regieren. Das wäre wahrscheinlich fürs Erste auch besser so. Für sie wie das Land.
