

{"version":"1.0","provider_name":"starke-meinungen.de","provider_url":"https:\/\/starke-meinungen.de\/blog","author_name":"Alan Posener","author_url":"https:\/\/starke-meinungen.de\/blog\/author\/posener\/","title":"Berlin ist nicht Weimar - starke-meinungen.de","type":"rich","width":600,"height":338,"html":"<blockquote class=\"wp-embedded-content\" data-secret=\"27mrtHA95f\"><a href=\"https:\/\/starke-meinungen.de\/blog\/2024\/01\/22\/berlin-ist-nicht-weimar\/\">Berlin ist nicht Weimar<\/a><\/blockquote><iframe sandbox=\"allow-scripts\" security=\"restricted\" src=\"https:\/\/starke-meinungen.de\/blog\/2024\/01\/22\/berlin-ist-nicht-weimar\/embed\/#?secret=27mrtHA95f\" width=\"600\" height=\"338\" title=\"&#8222;Berlin ist nicht Weimar&#8220; &#8211; starke-meinungen.de\" data-secret=\"27mrtHA95f\" frameborder=\"0\" marginwidth=\"0\" marginheight=\"0\" scrolling=\"no\" class=\"wp-embedded-content\"><\/iframe><script type=\"text\/javascript\">\n\/* <![CDATA[ *\/\n\/*! This file is auto-generated *\/\n!function(d,l){\"use strict\";l.querySelector&&d.addEventListener&&\"undefined\"!=typeof URL&&(d.wp=d.wp||{},d.wp.receiveEmbedMessage||(d.wp.receiveEmbedMessage=function(e){var t=e.data;if((t||t.secret||t.message||t.value)&&!\/[^a-zA-Z0-9]\/.test(t.secret)){for(var s,r,n,a=l.querySelectorAll('iframe[data-secret=\"'+t.secret+'\"]'),o=l.querySelectorAll('blockquote[data-secret=\"'+t.secret+'\"]'),c=new RegExp(\"^https?:$\",\"i\"),i=0;i<o.length;i++)o[i].style.display=\"none\";for(i=0;i<a.length;i++)s=a[i],e.source===s.contentWindow&&(s.removeAttribute(\"style\"),\"height\"===t.message?(1e3<(r=parseInt(t.value,10))?r=1e3:~~r<200&&(r=200),s.height=r):\"link\"===t.message&&(r=new URL(s.getAttribute(\"src\")),n=new URL(t.value),c.test(n.protocol))&&n.host===r.host&&l.activeElement===s&&(d.top.location.href=t.value))}},d.addEventListener(\"message\",d.wp.receiveEmbedMessage,!1),l.addEventListener(\"DOMContentLoaded\",function(){for(var e,t,s=l.querySelectorAll(\"iframe.wp-embedded-content\"),r=0;r<s.length;r++)(t=(e=s[r]).getAttribute(\"data-secret\"))||(t=Math.random().toString(36).substring(2,12),e.src+=\"#?secret=\"+t,e.setAttribute(\"data-secret\",t)),e.contentWindow.postMessage({message:\"ready\",secret:t},\"*\")},!1)))}(window,document);\n\/\/# sourceURL=https:\/\/starke-meinungen.de\/blog\/wp-includes\/js\/wp-embed.min.js\n\/* ]]> *\/\n<\/script>\n","thumbnail_url":"https:\/\/starke-meinungen.de\/blog\/wp-content\/uploads\/Weimarer-Eliten.webp","thumbnail_width":1110,"thumbnail_height":624,"description":"Ich danke Martin Jander f\u00fcr seinen Beitrag. Er zeigt beispielhaft, mit welchen Ausblendungen, Halbwahrheiten und sprachlichen Tricks selbst hoch gebildete und seri\u00f6se Menschen arbeiten m\u00fcssen, um bestimmte Positionen von vornherein aus der Debatte um den Umgang mit der Neuen Rechten auszuschlie\u00dfen."}

Ich danke Martin Jander für seinen Beitrag. Er zeigt beispielhaft, mit welchen Ausblendungen, Halbwahrheiten und sprachlichen Tricks selbst hoch gebildete und seriöse Menschen arbeiten müssen, um bestimmte Positionen von vornherein aus der Debatte um den Umgang mit der Neuen Rechten auszuschließen.
