

{"version":"1.0","provider_name":"starke-meinungen.de","provider_url":"https:\/\/starke-meinungen.de\/blog","author_name":"Gastautor","author_url":"https:\/\/starke-meinungen.de\/blog\/author\/gastautor\/","title":"Westliche Selbstkritik und die Feinde des Westens - starke-meinungen.de","type":"rich","width":600,"height":338,"html":"<blockquote class=\"wp-embedded-content\" data-secret=\"UOkLBwJbCc\"><a href=\"https:\/\/starke-meinungen.de\/blog\/2020\/07\/14\/westliche-selbstkritik-und-die-feinde-des-westens\/\">Westliche Selbstkritik und die Feinde des Westens<\/a><\/blockquote><iframe sandbox=\"allow-scripts\" security=\"restricted\" src=\"https:\/\/starke-meinungen.de\/blog\/2020\/07\/14\/westliche-selbstkritik-und-die-feinde-des-westens\/embed\/#?secret=UOkLBwJbCc\" width=\"600\" height=\"338\" title=\"&#8222;Westliche Selbstkritik und die Feinde des Westens&#8220; &#8211; starke-meinungen.de\" data-secret=\"UOkLBwJbCc\" frameborder=\"0\" marginwidth=\"0\" marginheight=\"0\" scrolling=\"no\" class=\"wp-embedded-content\"><\/iframe><script type=\"text\/javascript\">\n\/* <![CDATA[ *\/\n\/*! This file is auto-generated *\/\n!function(d,l){\"use strict\";l.querySelector&&d.addEventListener&&\"undefined\"!=typeof URL&&(d.wp=d.wp||{},d.wp.receiveEmbedMessage||(d.wp.receiveEmbedMessage=function(e){var t=e.data;if((t||t.secret||t.message||t.value)&&!\/[^a-zA-Z0-9]\/.test(t.secret)){for(var s,r,n,a=l.querySelectorAll('iframe[data-secret=\"'+t.secret+'\"]'),o=l.querySelectorAll('blockquote[data-secret=\"'+t.secret+'\"]'),c=new RegExp(\"^https?:$\",\"i\"),i=0;i<o.length;i++)o[i].style.display=\"none\";for(i=0;i<a.length;i++)s=a[i],e.source===s.contentWindow&&(s.removeAttribute(\"style\"),\"height\"===t.message?(1e3<(r=parseInt(t.value,10))?r=1e3:~~r<200&&(r=200),s.height=r):\"link\"===t.message&&(r=new URL(s.getAttribute(\"src\")),n=new URL(t.value),c.test(n.protocol))&&n.host===r.host&&l.activeElement===s&&(d.top.location.href=t.value))}},d.addEventListener(\"message\",d.wp.receiveEmbedMessage,!1),l.addEventListener(\"DOMContentLoaded\",function(){for(var e,t,s=l.querySelectorAll(\"iframe.wp-embedded-content\"),r=0;r<s.length;r++)(t=(e=s[r]).getAttribute(\"data-secret\"))||(t=Math.random().toString(36).substring(2,12),e.src+=\"#?secret=\"+t,e.setAttribute(\"data-secret\",t)),e.contentWindow.postMessage({message:\"ready\",secret:t},\"*\")},!1)))}(window,document);\n\/\/# sourceURL=https:\/\/starke-meinungen.de\/blog\/wp-includes\/js\/wp-embed.min.js\n\/* ]]> *\/\n<\/script>\n","description":"Ein Gastbeitrag von Konstantin Sakkas Die renommierte Princeton-University hat im Gefolge der Anti-Rassismus-Proteste nach dem gewaltsamen Tod von George Floyd ihre School of International and Public Affairs umbenannt. Sie hei\u00dft nun nicht mehr nach Woodrow Wilson. Der 28 Pr\u00e4sident der USA k\u00e4mpfte zwar f\u00fcr die internationale Verst\u00e4ndigung nach dem Ersten Weltkrieg, aber er unterst\u00fctze auch die Rassentrennung in den USA... Weiterlesen &raquo;","thumbnail_url":"https:\/\/starke-meinungen.de\/blog\/wp-content\/uploads\/SM_KS.jpg","thumbnail_width":960,"thumbnail_height":1280}

Ein Gastbeitrag von Konstantin Sakkas Die renommierte Princeton-University hat im Gefolge der Anti-Rassismus-Proteste nach dem gewaltsamen Tod von George Floyd ihre School of International and Public Affairs umbenannt. Sie heißt nun nicht mehr nach Woodrow Wilson. Der 28 Präsident der USA kämpfte zwar für die internationale Verständigung nach dem Ersten Weltkrieg, aber er unterstütze auch die Rassentrennung in den USA... Weiterlesen &raquo;
