

{"version":"1.0","provider_name":"starke-meinungen.de","provider_url":"https:\/\/starke-meinungen.de\/blog","author_name":"Alan Posener","author_url":"https:\/\/starke-meinungen.de\/blog\/author\/posener\/","title":"Lob des Hinterzimmers - starke-meinungen.de","type":"rich","width":600,"height":338,"html":"<blockquote class=\"wp-embedded-content\" data-secret=\"iPJWi4vEN2\"><a href=\"https:\/\/starke-meinungen.de\/blog\/2019\/07\/03\/lob-des-hinterzimmers\/\">Lob des Hinterzimmers<\/a><\/blockquote><iframe sandbox=\"allow-scripts\" security=\"restricted\" src=\"https:\/\/starke-meinungen.de\/blog\/2019\/07\/03\/lob-des-hinterzimmers\/embed\/#?secret=iPJWi4vEN2\" width=\"600\" height=\"338\" title=\"&#8222;Lob des Hinterzimmers&#8220; &#8211; starke-meinungen.de\" data-secret=\"iPJWi4vEN2\" frameborder=\"0\" marginwidth=\"0\" marginheight=\"0\" scrolling=\"no\" class=\"wp-embedded-content\"><\/iframe><script type=\"text\/javascript\">\n\/* <![CDATA[ *\/\n\/*! This file is auto-generated *\/\n!function(d,l){\"use strict\";l.querySelector&&d.addEventListener&&\"undefined\"!=typeof URL&&(d.wp=d.wp||{},d.wp.receiveEmbedMessage||(d.wp.receiveEmbedMessage=function(e){var t=e.data;if((t||t.secret||t.message||t.value)&&!\/[^a-zA-Z0-9]\/.test(t.secret)){for(var s,r,n,a=l.querySelectorAll('iframe[data-secret=\"'+t.secret+'\"]'),o=l.querySelectorAll('blockquote[data-secret=\"'+t.secret+'\"]'),c=new RegExp(\"^https?:$\",\"i\"),i=0;i<o.length;i++)o[i].style.display=\"none\";for(i=0;i<a.length;i++)s=a[i],e.source===s.contentWindow&&(s.removeAttribute(\"style\"),\"height\"===t.message?(1e3<(r=parseInt(t.value,10))?r=1e3:~~r<200&&(r=200),s.height=r):\"link\"===t.message&&(r=new URL(s.getAttribute(\"src\")),n=new URL(t.value),c.test(n.protocol))&&n.host===r.host&&l.activeElement===s&&(d.top.location.href=t.value))}},d.addEventListener(\"message\",d.wp.receiveEmbedMessage,!1),l.addEventListener(\"DOMContentLoaded\",function(){for(var e,t,s=l.querySelectorAll(\"iframe.wp-embedded-content\"),r=0;r<s.length;r++)(t=(e=s[r]).getAttribute(\"data-secret\"))||(t=Math.random().toString(36).substring(2,12),e.src+=\"#?secret=\"+t,e.setAttribute(\"data-secret\",t)),e.contentWindow.postMessage({message:\"ready\",secret:t},\"*\")},!1)))}(window,document);\n\/\/# sourceURL=https:\/\/starke-meinungen.de\/blog\/wp-includes\/js\/wp-embed.min.js\n\/* ]]> *\/\n<\/script>\n","thumbnail_url":"https:\/\/starke-meinungen.de\/blog\/wp-content\/uploads\/Leyen.jpg","thumbnail_width":1280,"thumbnail_height":720,"description":"Artikel 17 Absatz 7 des EU-Vertrags ist eindeutig: \u201eDer Europ\u00e4ische Rat schl\u00e4gt dem Europ\u00e4ischen Parlament nach entsprechenden Konsultationen mit qualifizierter Mehrheit einen Kandidaten f\u00fcr das Amt des Pr\u00e4sidenten der Kommission vor; dabei ber\u00fccksichtigt er das Ergebnis der Wahlen zum Europ\u00e4ischen Parlament.\u201c Dort steht nicht: Die Parteien schlagen \u201eSpitzenkandidaten\u201c vor, und der Rat nickt den Kandidaten ab, dessen Partei bei der... Weiterlesen &raquo;"}

Artikel 17 Absatz 7 des EU-Vertrags ist eindeutig: „Der Europäische Rat schlägt dem Europäischen Parlament nach entsprechenden Konsultationen mit qualifizierter Mehrheit einen Kandidaten für das Amt des Präsidenten der Kommission vor; dabei berücksichtigt er das Ergebnis der Wahlen zum Europäischen Parlament.“ Dort steht nicht: Die Parteien schlagen „Spitzenkandidaten“ vor, und der Rat nickt den Kandidaten ab, dessen Partei bei der... Weiterlesen &raquo;
