

{"version":"1.0","provider_name":"starke-meinungen.de","provider_url":"https:\/\/starke-meinungen.de\/blog","author_name":"Alan Posener","author_url":"https:\/\/starke-meinungen.de\/blog\/author\/posener\/","title":"Gegen ein Europa der Regionen - starke-meinungen.de","type":"rich","width":600,"height":338,"html":"<blockquote class=\"wp-embedded-content\" data-secret=\"f7hWwGhBUV\"><a href=\"https:\/\/starke-meinungen.de\/blog\/2017\/11\/08\/gegen-ein-europa-der-regionen\/\">Gegen ein Europa der Regionen<\/a><\/blockquote><iframe sandbox=\"allow-scripts\" security=\"restricted\" src=\"https:\/\/starke-meinungen.de\/blog\/2017\/11\/08\/gegen-ein-europa-der-regionen\/embed\/#?secret=f7hWwGhBUV\" width=\"600\" height=\"338\" title=\"&#8222;Gegen ein Europa der Regionen&#8220; &#8211; starke-meinungen.de\" data-secret=\"f7hWwGhBUV\" frameborder=\"0\" marginwidth=\"0\" marginheight=\"0\" scrolling=\"no\" class=\"wp-embedded-content\"><\/iframe><script type=\"text\/javascript\">\n\/* <![CDATA[ *\/\n\/*! This file is auto-generated *\/\n!function(d,l){\"use strict\";l.querySelector&&d.addEventListener&&\"undefined\"!=typeof URL&&(d.wp=d.wp||{},d.wp.receiveEmbedMessage||(d.wp.receiveEmbedMessage=function(e){var t=e.data;if((t||t.secret||t.message||t.value)&&!\/[^a-zA-Z0-9]\/.test(t.secret)){for(var s,r,n,a=l.querySelectorAll('iframe[data-secret=\"'+t.secret+'\"]'),o=l.querySelectorAll('blockquote[data-secret=\"'+t.secret+'\"]'),c=new RegExp(\"^https?:$\",\"i\"),i=0;i<o.length;i++)o[i].style.display=\"none\";for(i=0;i<a.length;i++)s=a[i],e.source===s.contentWindow&&(s.removeAttribute(\"style\"),\"height\"===t.message?(1e3<(r=parseInt(t.value,10))?r=1e3:~~r<200&&(r=200),s.height=r):\"link\"===t.message&&(r=new URL(s.getAttribute(\"src\")),n=new URL(t.value),c.test(n.protocol))&&n.host===r.host&&l.activeElement===s&&(d.top.location.href=t.value))}},d.addEventListener(\"message\",d.wp.receiveEmbedMessage,!1),l.addEventListener(\"DOMContentLoaded\",function(){for(var e,t,s=l.querySelectorAll(\"iframe.wp-embedded-content\"),r=0;r<s.length;r++)(t=(e=s[r]).getAttribute(\"data-secret\"))||(t=Math.random().toString(36).substring(2,12),e.src+=\"#?secret=\"+t,e.setAttribute(\"data-secret\",t)),e.contentWindow.postMessage({message:\"ready\",secret:t},\"*\")},!1)))}(window,document);\n\/\/# sourceURL=https:\/\/starke-meinungen.de\/blog\/wp-includes\/js\/wp-embed.min.js\n\/* ]]> *\/\n<\/script>\n","description":"In einem leidenschaftlichen Pl\u00e4doyer haben sich die Politikwissenschaftlerin Ulrike Gu\u00e9rot (mit der ich seit Jahren befreundet bin) und der Schriftsteller Robert Menasse (mit dem ich in einer lauen Br\u00fcsseler Nacht ich nach einem Essen mit Jos\u00e9 Manuel Barroso ein paar Weine zu viel getrunken habe) f\u00fcr ein Europa der Regionen statt der Nationen ausgesprochen. Der Ansatz ist mir nicht v\u00f6llig... Weiterlesen &raquo;","thumbnail_url":"https:\/\/starke-meinungen.de\/blog\/wp-content\/uploads\/starke-meinungen-fb-header.jpg","thumbnail_width":1200,"thumbnail_height":630}

In einem leidenschaftlichen Plädoyer haben sich die Politikwissenschaftlerin Ulrike Guérot (mit der ich seit Jahren befreundet bin) und der Schriftsteller Robert Menasse (mit dem ich in einer lauen Brüsseler Nacht ich nach einem Essen mit José Manuel Barroso ein paar Weine zu viel getrunken habe) für ein Europa der Regionen statt der Nationen ausgesprochen. Der Ansatz ist mir nicht völlig... Weiterlesen &raquo;
