

{"version":"1.0","provider_name":"starke-meinungen.de","provider_url":"https:\/\/starke-meinungen.de\/blog","author_name":"Rainer Werner","author_url":"https:\/\/starke-meinungen.de\/blog\/author\/werner\/","title":"Von guten und von schlechten Tieren - starke-meinungen.de","type":"rich","width":600,"height":338,"html":"<blockquote class=\"wp-embedded-content\" data-secret=\"X1DAoY7mDr\"><a href=\"https:\/\/starke-meinungen.de\/blog\/2017\/09\/08\/von-guten-und-von-schlechten-tieren\/\">Von guten und von schlechten Tieren<\/a><\/blockquote><iframe sandbox=\"allow-scripts\" security=\"restricted\" src=\"https:\/\/starke-meinungen.de\/blog\/2017\/09\/08\/von-guten-und-von-schlechten-tieren\/embed\/#?secret=X1DAoY7mDr\" width=\"600\" height=\"338\" title=\"&#8222;Von guten und von schlechten Tieren&#8220; &#8211; starke-meinungen.de\" data-secret=\"X1DAoY7mDr\" frameborder=\"0\" marginwidth=\"0\" marginheight=\"0\" scrolling=\"no\" class=\"wp-embedded-content\"><\/iframe><script type=\"text\/javascript\">\n\/* <![CDATA[ *\/\n\/*! This file is auto-generated *\/\n!function(d,l){\"use strict\";l.querySelector&&d.addEventListener&&\"undefined\"!=typeof URL&&(d.wp=d.wp||{},d.wp.receiveEmbedMessage||(d.wp.receiveEmbedMessage=function(e){var t=e.data;if((t||t.secret||t.message||t.value)&&!\/[^a-zA-Z0-9]\/.test(t.secret)){for(var s,r,n,a=l.querySelectorAll('iframe[data-secret=\"'+t.secret+'\"]'),o=l.querySelectorAll('blockquote[data-secret=\"'+t.secret+'\"]'),c=new RegExp(\"^https?:$\",\"i\"),i=0;i<o.length;i++)o[i].style.display=\"none\";for(i=0;i<a.length;i++)s=a[i],e.source===s.contentWindow&&(s.removeAttribute(\"style\"),\"height\"===t.message?(1e3<(r=parseInt(t.value,10))?r=1e3:~~r<200&&(r=200),s.height=r):\"link\"===t.message&&(r=new URL(s.getAttribute(\"src\")),n=new URL(t.value),c.test(n.protocol))&&n.host===r.host&&l.activeElement===s&&(d.top.location.href=t.value))}},d.addEventListener(\"message\",d.wp.receiveEmbedMessage,!1),l.addEventListener(\"DOMContentLoaded\",function(){for(var e,t,s=l.querySelectorAll(\"iframe.wp-embedded-content\"),r=0;r<s.length;r++)(t=(e=s[r]).getAttribute(\"data-secret\"))||(t=Math.random().toString(36).substring(2,12),e.src+=\"#?secret=\"+t,e.setAttribute(\"data-secret\",t)),e.contentWindow.postMessage({message:\"ready\",secret:t},\"*\")},!1)))}(window,document);\n\/\/# sourceURL=https:\/\/starke-meinungen.de\/blog\/wp-includes\/js\/wp-embed.min.js\n\/* ]]> *\/\n<\/script>\n","description":"Menschen, denen die Gr\u00fcnen nicht sympathisch sind, k\u00f6nnen aufatmen. Es wird nach der Bundestagswahl keine Koalition mit den Gr\u00fcnen geben. Sie haben sich selbst aus dem Rennen katapultiert, indem sie ein Verbot von Verbrennungsmotoren ab 2030 zur Bedingung f\u00fcr eine Regierungsbeteiligung machen. Darauf werden sich die\u00a0 beiden gro\u00dfen Parteien CDU\/CSU und SPD nicht einlassen. Ihnen sind die Verbotsall\u00fcren der Gr\u00fcnen... Weiterlesen &raquo;","thumbnail_url":"https:\/\/starke-meinungen.de\/blog\/wp-content\/uploads\/starke-meinungen-fb-header.jpg","thumbnail_width":1200,"thumbnail_height":630}

Menschen, denen die Grünen nicht sympathisch sind, können aufatmen. Es wird nach der Bundestagswahl keine Koalition mit den Grünen geben. Sie haben sich selbst aus dem Rennen katapultiert, indem sie ein Verbot von Verbrennungsmotoren ab 2030 zur Bedingung für eine Regierungsbeteiligung machen. Darauf werden sich die  beiden großen Parteien CDU/CSU und SPD nicht einlassen. Ihnen sind die Verbotsallüren der Grünen... Weiterlesen &raquo;
