

{"version":"1.0","provider_name":"starke-meinungen.de","provider_url":"https:\/\/starke-meinungen.de\/blog","author_name":"Rainer Werner","author_url":"https:\/\/starke-meinungen.de\/blog\/author\/werner\/","title":"Die Russland-Connection - starke-meinungen.de","type":"rich","width":600,"height":338,"html":"<blockquote class=\"wp-embedded-content\" data-secret=\"9YfKjmDmU9\"><a href=\"https:\/\/starke-meinungen.de\/blog\/2017\/09\/01\/die-russland-connection\/\">Die Russland-Connection<\/a><\/blockquote><iframe sandbox=\"allow-scripts\" security=\"restricted\" src=\"https:\/\/starke-meinungen.de\/blog\/2017\/09\/01\/die-russland-connection\/embed\/#?secret=9YfKjmDmU9\" width=\"600\" height=\"338\" title=\"&#8222;Die Russland-Connection&#8220; &#8211; starke-meinungen.de\" data-secret=\"9YfKjmDmU9\" frameborder=\"0\" marginwidth=\"0\" marginheight=\"0\" scrolling=\"no\" class=\"wp-embedded-content\"><\/iframe><script type=\"text\/javascript\">\n\/* <![CDATA[ *\/\n\/*! This file is auto-generated *\/\n!function(d,l){\"use strict\";l.querySelector&&d.addEventListener&&\"undefined\"!=typeof URL&&(d.wp=d.wp||{},d.wp.receiveEmbedMessage||(d.wp.receiveEmbedMessage=function(e){var t=e.data;if((t||t.secret||t.message||t.value)&&!\/[^a-zA-Z0-9]\/.test(t.secret)){for(var s,r,n,a=l.querySelectorAll('iframe[data-secret=\"'+t.secret+'\"]'),o=l.querySelectorAll('blockquote[data-secret=\"'+t.secret+'\"]'),c=new RegExp(\"^https?:$\",\"i\"),i=0;i<o.length;i++)o[i].style.display=\"none\";for(i=0;i<a.length;i++)s=a[i],e.source===s.contentWindow&&(s.removeAttribute(\"style\"),\"height\"===t.message?(1e3<(r=parseInt(t.value,10))?r=1e3:~~r<200&&(r=200),s.height=r):\"link\"===t.message&&(r=new URL(s.getAttribute(\"src\")),n=new URL(t.value),c.test(n.protocol))&&n.host===r.host&&l.activeElement===s&&(d.top.location.href=t.value))}},d.addEventListener(\"message\",d.wp.receiveEmbedMessage,!1),l.addEventListener(\"DOMContentLoaded\",function(){for(var e,t,s=l.querySelectorAll(\"iframe.wp-embedded-content\"),r=0;r<s.length;r++)(t=(e=s[r]).getAttribute(\"data-secret\"))||(t=Math.random().toString(36).substring(2,12),e.src+=\"#?secret=\"+t,e.setAttribute(\"data-secret\",t)),e.contentWindow.postMessage({message:\"ready\",secret:t},\"*\")},!1)))}(window,document);\n\/\/# sourceURL=https:\/\/starke-meinungen.de\/blog\/wp-includes\/js\/wp-embed.min.js\n\/* ]]> *\/\n<\/script>\n","description":"Gerhard Schr\u00f6der hat mit der Nachricht, er werde demn\u00e4chst\u00a0\u00a0 Vorstandsdirektor\u00a0 der russischen \u00d6lfirma Rosneft, dem Kanzlerkandidaten Martin Schulz geh\u00f6rig den Wahlkampf verhagelt. Schnell einigten sich die SPD-Gr\u00f6\u00dfen auf die Lesart,\u00a0 es sei Schr\u00f6ders pers\u00f6nliche Angelegenheit, ob er den Posten\u00a0 annimmt oder nicht. Die Politik der SPD werde davon nicht ber\u00fchrt. Nun ist Gerhard Schr\u00f6der nicht irgendein beliebiges Parteimitglied. Er war... Weiterlesen &raquo;","thumbnail_url":"https:\/\/starke-meinungen.de\/blog\/wp-content\/uploads\/starke-meinungen-fb-header.jpg","thumbnail_width":1200,"thumbnail_height":630}

Gerhard Schröder hat mit der Nachricht, er werde demnächst   Vorstandsdirektor  der russischen Ölfirma Rosneft, dem Kanzlerkandidaten Martin Schulz gehörig den Wahlkampf verhagelt. Schnell einigten sich die SPD-Größen auf die Lesart,  es sei Schröders persönliche Angelegenheit, ob er den Posten  annimmt oder nicht. Die Politik der SPD werde davon nicht berührt. Nun ist Gerhard Schröder nicht irgendein beliebiges Parteimitglied. Er war... Weiterlesen &raquo;
