

{"version":"1.0","provider_name":"starke-meinungen.de","provider_url":"https:\/\/starke-meinungen.de\/blog","author_name":"Rainer Werner","author_url":"https:\/\/starke-meinungen.de\/blog\/author\/werner\/","title":"Wie das Totalit\u00e4re beginnt - starke-meinungen.de","type":"rich","width":600,"height":338,"html":"<blockquote class=\"wp-embedded-content\" data-secret=\"oYhhL9w4m2\"><a href=\"https:\/\/starke-meinungen.de\/blog\/2017\/03\/05\/wie-das-totalitaere-beginnt\/\">Wie das Totalit\u00e4re beginnt<\/a><\/blockquote><iframe sandbox=\"allow-scripts\" security=\"restricted\" src=\"https:\/\/starke-meinungen.de\/blog\/2017\/03\/05\/wie-das-totalitaere-beginnt\/embed\/#?secret=oYhhL9w4m2\" width=\"600\" height=\"338\" title=\"&#8222;Wie das Totalit\u00e4re beginnt&#8220; &#8211; starke-meinungen.de\" data-secret=\"oYhhL9w4m2\" frameborder=\"0\" marginwidth=\"0\" marginheight=\"0\" scrolling=\"no\" class=\"wp-embedded-content\"><\/iframe><script type=\"text\/javascript\">\n\/* <![CDATA[ *\/\n\/*! This file is auto-generated *\/\n!function(d,l){\"use strict\";l.querySelector&&d.addEventListener&&\"undefined\"!=typeof URL&&(d.wp=d.wp||{},d.wp.receiveEmbedMessage||(d.wp.receiveEmbedMessage=function(e){var t=e.data;if((t||t.secret||t.message||t.value)&&!\/[^a-zA-Z0-9]\/.test(t.secret)){for(var s,r,n,a=l.querySelectorAll('iframe[data-secret=\"'+t.secret+'\"]'),o=l.querySelectorAll('blockquote[data-secret=\"'+t.secret+'\"]'),c=new RegExp(\"^https?:$\",\"i\"),i=0;i<o.length;i++)o[i].style.display=\"none\";for(i=0;i<a.length;i++)s=a[i],e.source===s.contentWindow&&(s.removeAttribute(\"style\"),\"height\"===t.message?(1e3<(r=parseInt(t.value,10))?r=1e3:~~r<200&&(r=200),s.height=r):\"link\"===t.message&&(r=new URL(s.getAttribute(\"src\")),n=new URL(t.value),c.test(n.protocol))&&n.host===r.host&&l.activeElement===s&&(d.top.location.href=t.value))}},d.addEventListener(\"message\",d.wp.receiveEmbedMessage,!1),l.addEventListener(\"DOMContentLoaded\",function(){for(var e,t,s=l.querySelectorAll(\"iframe.wp-embedded-content\"),r=0;r<s.length;r++)(t=(e=s[r]).getAttribute(\"data-secret\"))||(t=Math.random().toString(36).substring(2,12),e.src+=\"#?secret=\"+t,e.setAttribute(\"data-secret\",t)),e.contentWindow.postMessage({message:\"ready\",secret:t},\"*\")},!1)))}(window,document);\n\/\/# sourceURL=https:\/\/starke-meinungen.de\/blog\/wp-includes\/js\/wp-embed.min.js\n\/* ]]> *\/\n<\/script>\n","description":"Als ich im Sommersemester 1968 an der Universit\u00e4t T\u00fcbingen mit dem Studium der Germanistik begann, besuchte ich die Vorlesung des hochger\u00fchmten H\u00f6lderlinspezialisten Friedrich Bei\u00dfner. Da das Sommersemester von schweren Turbulenzen der Studentenbewegung gepr\u00e4gt war (Ausl\u00f6ser war das Attentat auf Rudi Dutschke am 11. April 1968), konnte es nicht ausbleiben, dass\u00a0 Aktivisten vom Sozialistischen Deutschen Studentenbund (SDS) in die Vorlesung st\u00fcrmten,... Weiterlesen &raquo;","thumbnail_url":"https:\/\/starke-meinungen.de\/blog\/wp-content\/uploads\/starke-meinungen-fb-header.jpg","thumbnail_width":1200,"thumbnail_height":630}

Wie das Totalitäre beginnt - starke-meinungen.de

<blockquote class="wp-embedded-content" data-secret="oYhhL9w4m2"><a href="https://starke-meinungen.de/blog/2017/03/05/wie-das-totalitaere-beginnt/">Wie das Totalitäre beginnt</a></blockquote><iframe sandbox="allow-scripts" security="restricted" src="https://starke-meinungen.de/blog/2017/03/05/wie-das-totalitaere-beginnt/embed/#?secret=oYhhL9w4m2" width="600" height="338" title="&#8222;Wie das Totalitäre beginnt&#8220; &#8211; starke-meinungen.de" data-secret="oYhhL9w4m2" frameborder="0" marginwidth="0" marginheight="0" scrolling="no" class="wp-embedded-content"></iframe><script type="text/javascript">
/* <![CDATA[ */
/*! This file is auto-generated */
!function(d,l){"use strict";l.querySelector&&d.addEventListener&&"undefined"!=typeof URL&&(d.wp=d.wp||{},d.wp.receiveEmbedMessage||(d.wp.receiveEmbedMessage=function(e){var t=e.data;if((t||t.secret||t.message||t.value)&&!/[^a-zA-Z0-9]/.test(t.secret)){for(var s,r,n,a=l.querySelectorAll('iframe[data-secret="'+t.secret+'"]'),o=l.querySelectorAll('blockquote[data-secret="'+t.secret+'"]'),c=new RegExp("^https?:$","i"),i=0;i<o.length;i++)o[i].style.display="none";for(i=0;i<a.length;i++)s=a[i],e.source===s.contentWindow&&(s.removeAttribute("style"),"height"===t.message?(1e3<(r=parseInt(t.value,10))?r=1e3:~~r<200&&(r=200),s.height=r):"link"===t.message&&(r=new URL(s.getAttribute("src")),n=new URL(t.value),c.test(n.protocol))&&n.host===r.host&&l.activeElement===s&&(d.top.location.href=t.value))}},d.addEventListener("message",d.wp.receiveEmbedMessage,!1),l.addEventListener("DOMContentLoaded",function(){for(var e,t,s=l.querySelectorAll("iframe.wp-embedded-content"),r=0;r<s.length;r++)(t=(e=s[r]).getAttribute("data-secret"))||(t=Math.random().toString(36).substring(2,12),e.src+="#?secret="+t,e.setAttribute("data-secret",t)),e.contentWindow.postMessage({message:"ready",secret:t},"*")},!1)))}(window,document);
//# sourceURL=https://starke-meinungen.de/blog/wp-includes/js/wp-embed.min.js
/* ]]> */
</script>

Als ich im Sommersemester 1968 an der Universität Tübingen mit dem Studium der Germanistik begann, besuchte ich die Vorlesung des hochgerühmten Hölderlinspezialisten Friedrich Beißner. Da das Sommersemester von schweren Turbulenzen der Studentenbewegung geprägt war (Auslöser war das Attentat auf Rudi Dutschke am 11. April 1968), konnte es nicht ausbleiben, dass  Aktivisten vom Sozialistischen Deutschen Studentenbund (SDS) in die Vorlesung stürmten,... Weiterlesen &raquo;
