

{"version":"1.0","provider_name":"starke-meinungen.de","provider_url":"https:\/\/starke-meinungen.de\/blog","author_name":"Rainer Werner","author_url":"https:\/\/starke-meinungen.de\/blog\/author\/werner\/","title":"Der Frieden muss bewaffnet sein - starke-meinungen.de","type":"rich","width":600,"height":338,"html":"<blockquote class=\"wp-embedded-content\" data-secret=\"INAQwmmGMe\"><a href=\"https:\/\/starke-meinungen.de\/blog\/2017\/01\/22\/der-frieden-muss-bewaffnet-sein\/\">Der Frieden muss bewaffnet sein<\/a><\/blockquote><iframe sandbox=\"allow-scripts\" security=\"restricted\" src=\"https:\/\/starke-meinungen.de\/blog\/2017\/01\/22\/der-frieden-muss-bewaffnet-sein\/embed\/#?secret=INAQwmmGMe\" width=\"600\" height=\"338\" title=\"&#8222;Der Frieden muss bewaffnet sein&#8220; &#8211; starke-meinungen.de\" data-secret=\"INAQwmmGMe\" frameborder=\"0\" marginwidth=\"0\" marginheight=\"0\" scrolling=\"no\" class=\"wp-embedded-content\"><\/iframe><script type=\"text\/javascript\">\n\/* <![CDATA[ *\/\n\/*! This file is auto-generated *\/\n!function(d,l){\"use strict\";l.querySelector&&d.addEventListener&&\"undefined\"!=typeof URL&&(d.wp=d.wp||{},d.wp.receiveEmbedMessage||(d.wp.receiveEmbedMessage=function(e){var t=e.data;if((t||t.secret||t.message||t.value)&&!\/[^a-zA-Z0-9]\/.test(t.secret)){for(var s,r,n,a=l.querySelectorAll('iframe[data-secret=\"'+t.secret+'\"]'),o=l.querySelectorAll('blockquote[data-secret=\"'+t.secret+'\"]'),c=new RegExp(\"^https?:$\",\"i\"),i=0;i<o.length;i++)o[i].style.display=\"none\";for(i=0;i<a.length;i++)s=a[i],e.source===s.contentWindow&&(s.removeAttribute(\"style\"),\"height\"===t.message?(1e3<(r=parseInt(t.value,10))?r=1e3:~~r<200&&(r=200),s.height=r):\"link\"===t.message&&(r=new URL(s.getAttribute(\"src\")),n=new URL(t.value),c.test(n.protocol))&&n.host===r.host&&l.activeElement===s&&(d.top.location.href=t.value))}},d.addEventListener(\"message\",d.wp.receiveEmbedMessage,!1),l.addEventListener(\"DOMContentLoaded\",function(){for(var e,t,s=l.querySelectorAll(\"iframe.wp-embedded-content\"),r=0;r<s.length;r++)(t=(e=s[r]).getAttribute(\"data-secret\"))||(t=Math.random().toString(36).substring(2,12),e.src+=\"#?secret=\"+t,e.setAttribute(\"data-secret\",t)),e.contentWindow.postMessage({message:\"ready\",secret:t},\"*\")},!1)))}(window,document);\n\/\/# sourceURL=https:\/\/starke-meinungen.de\/blog\/wp-includes\/js\/wp-embed.min.js\n\/* ]]> *\/\n<\/script>\n","description":"&#8222;Speak softly and carry a big stick&#8220; (Theodore Roosevelt) Am 5. Dezember 1994 wurde in Budapest auf der im Rahmen der dort stattfindenden KSZE-Konferenz das &#8222;Budapester Memorandum&#8220; unterzeichnet. Darin verpflichteten sich die Vereinigten Staaten von Amerika, Gro\u00dfbritannien und Russland gegen\u00fcber den ehemaligen Mitgliedsstaaten der Sowjetunion Kasachstan, Wei\u00dfrussland und der Ukraine die Souver\u00e4nit\u00e4t und die bestehenden Grenzen dieser L\u00e4nder zu achten.... Weiterlesen &raquo;","thumbnail_url":"https:\/\/starke-meinungen.de\/blog\/wp-content\/uploads\/starke-meinungen-fb-header.jpg","thumbnail_width":1200,"thumbnail_height":630}

&#8222;Speak softly and carry a big stick&#8220; (Theodore Roosevelt) Am 5. Dezember 1994 wurde in Budapest auf der im Rahmen der dort stattfindenden KSZE-Konferenz das &#8222;Budapester Memorandum&#8220; unterzeichnet. Darin verpflichteten sich die Vereinigten Staaten von Amerika, Großbritannien und Russland gegenüber den ehemaligen Mitgliedsstaaten der Sowjetunion Kasachstan, Weißrussland und der Ukraine die Souveränität und die bestehenden Grenzen dieser Länder zu achten.... Weiterlesen &raquo;
