

{"version":"1.0","provider_name":"starke-meinungen.de","provider_url":"https:\/\/starke-meinungen.de\/blog","author_name":"Rainer Werner","author_url":"https:\/\/starke-meinungen.de\/blog\/author\/werner\/","title":"Wie einer Partei die Moral abhanden kommt - starke-meinungen.de","type":"rich","width":600,"height":338,"html":"<blockquote class=\"wp-embedded-content\" data-secret=\"3VLacqBNum\"><a href=\"https:\/\/starke-meinungen.de\/blog\/2016\/12\/14\/wie-einer-partei-die-moral-abhanden-kommt\/\">Wie einer Partei die Moral abhanden kommt<\/a><\/blockquote><iframe sandbox=\"allow-scripts\" security=\"restricted\" src=\"https:\/\/starke-meinungen.de\/blog\/2016\/12\/14\/wie-einer-partei-die-moral-abhanden-kommt\/embed\/#?secret=3VLacqBNum\" width=\"600\" height=\"338\" title=\"&#8222;Wie einer Partei die Moral abhanden kommt&#8220; &#8211; starke-meinungen.de\" data-secret=\"3VLacqBNum\" frameborder=\"0\" marginwidth=\"0\" marginheight=\"0\" scrolling=\"no\" class=\"wp-embedded-content\"><\/iframe><script type=\"text\/javascript\">\n\/* <![CDATA[ *\/\n\/*! This file is auto-generated *\/\n!function(d,l){\"use strict\";l.querySelector&&d.addEventListener&&\"undefined\"!=typeof URL&&(d.wp=d.wp||{},d.wp.receiveEmbedMessage||(d.wp.receiveEmbedMessage=function(e){var t=e.data;if((t||t.secret||t.message||t.value)&&!\/[^a-zA-Z0-9]\/.test(t.secret)){for(var s,r,n,a=l.querySelectorAll('iframe[data-secret=\"'+t.secret+'\"]'),o=l.querySelectorAll('blockquote[data-secret=\"'+t.secret+'\"]'),c=new RegExp(\"^https?:$\",\"i\"),i=0;i<o.length;i++)o[i].style.display=\"none\";for(i=0;i<a.length;i++)s=a[i],e.source===s.contentWindow&&(s.removeAttribute(\"style\"),\"height\"===t.message?(1e3<(r=parseInt(t.value,10))?r=1e3:~~r<200&&(r=200),s.height=r):\"link\"===t.message&&(r=new URL(s.getAttribute(\"src\")),n=new URL(t.value),c.test(n.protocol))&&n.host===r.host&&l.activeElement===s&&(d.top.location.href=t.value))}},d.addEventListener(\"message\",d.wp.receiveEmbedMessage,!1),l.addEventListener(\"DOMContentLoaded\",function(){for(var e,t,s=l.querySelectorAll(\"iframe.wp-embedded-content\"),r=0;r<s.length;r++)(t=(e=s[r]).getAttribute(\"data-secret\"))||(t=Math.random().toString(36).substring(2,12),e.src+=\"#?secret=\"+t,e.setAttribute(\"data-secret\",t)),e.contentWindow.postMessage({message:\"ready\",secret:t},\"*\")},!1)))}(window,document);\n\/\/# sourceURL=https:\/\/starke-meinungen.de\/blog\/wp-includes\/js\/wp-embed.min.js\n\/* ]]> *\/\n<\/script>\n","description":"Die Gesellschaft f\u00fcr Deutsche Sprache hat \u00a0den Begriff &#8222;postfaktisch&#8220; zum Wort des Jahres 2016 gew\u00e4hlt. \u00a0Damit k\u00fcrt sie einen Begriff, der ein Ph\u00e4nomen benennt, das\u00a0 in den politischen Auseinandersetzungen \u00a0des zur\u00fcckliegenden Jahres tats\u00e4chlich eine wichtige Rolle gespielt hat. Sowohl die Brexit-Bef\u00fcrworter als auch die Trump-Wahlkampagne \u00a0operierten mit Informationen, die mit Halbwahrheiten noch sanft umschrieben sind. Keine L\u00fcge war krude genug,... Weiterlesen &raquo;","thumbnail_url":"https:\/\/starke-meinungen.de\/blog\/wp-content\/uploads\/starke-meinungen-fb-header.jpg","thumbnail_width":1200,"thumbnail_height":630}

Die Gesellschaft für Deutsche Sprache hat  den Begriff &#8222;postfaktisch&#8220; zum Wort des Jahres 2016 gewählt.  Damit kürt sie einen Begriff, der ein Phänomen benennt, das  in den politischen Auseinandersetzungen  des zurückliegenden Jahres tatsächlich eine wichtige Rolle gespielt hat. Sowohl die Brexit-Befürworter als auch die Trump-Wahlkampagne  operierten mit Informationen, die mit Halbwahrheiten noch sanft umschrieben sind. Keine Lüge war krude genug,... Weiterlesen &raquo;
