

{"version":"1.0","provider_name":"starke-meinungen.de","provider_url":"https:\/\/starke-meinungen.de\/blog","author_name":"Eva Quistorp","author_url":"https:\/\/starke-meinungen.de\/blog\/author\/quistorp\/","title":"Ja, die Gr\u00fcnen sollten ein Konzept f\u00fcr EU reformen haben - starke-meinungen.de","type":"rich","width":600,"height":338,"html":"<blockquote class=\"wp-embedded-content\" data-secret=\"B5wUrRU2qK\"><a href=\"https:\/\/starke-meinungen.de\/blog\/2016\/06\/30\/6143\/\">Ja, die Gr\u00fcnen sollten ein Konzept f\u00fcr EU reformen haben<\/a><\/blockquote><iframe sandbox=\"allow-scripts\" security=\"restricted\" src=\"https:\/\/starke-meinungen.de\/blog\/2016\/06\/30\/6143\/embed\/#?secret=B5wUrRU2qK\" width=\"600\" height=\"338\" title=\"&#8222;Ja, die Gr\u00fcnen sollten ein Konzept f\u00fcr EU reformen haben&#8220; &#8211; starke-meinungen.de\" data-secret=\"B5wUrRU2qK\" frameborder=\"0\" marginwidth=\"0\" marginheight=\"0\" scrolling=\"no\" class=\"wp-embedded-content\"><\/iframe><script type=\"text\/javascript\">\n\/* <![CDATA[ *\/\n\/*! This file is auto-generated *\/\n!function(d,l){\"use strict\";l.querySelector&&d.addEventListener&&\"undefined\"!=typeof URL&&(d.wp=d.wp||{},d.wp.receiveEmbedMessage||(d.wp.receiveEmbedMessage=function(e){var t=e.data;if((t||t.secret||t.message||t.value)&&!\/[^a-zA-Z0-9]\/.test(t.secret)){for(var s,r,n,a=l.querySelectorAll('iframe[data-secret=\"'+t.secret+'\"]'),o=l.querySelectorAll('blockquote[data-secret=\"'+t.secret+'\"]'),c=new RegExp(\"^https?:$\",\"i\"),i=0;i<o.length;i++)o[i].style.display=\"none\";for(i=0;i<a.length;i++)s=a[i],e.source===s.contentWindow&&(s.removeAttribute(\"style\"),\"height\"===t.message?(1e3<(r=parseInt(t.value,10))?r=1e3:~~r<200&&(r=200),s.height=r):\"link\"===t.message&&(r=new URL(s.getAttribute(\"src\")),n=new URL(t.value),c.test(n.protocol))&&n.host===r.host&&l.activeElement===s&&(d.top.location.href=t.value))}},d.addEventListener(\"message\",d.wp.receiveEmbedMessage,!1),l.addEventListener(\"DOMContentLoaded\",function(){for(var e,t,s=l.querySelectorAll(\"iframe.wp-embedded-content\"),r=0;r<s.length;r++)(t=(e=s[r]).getAttribute(\"data-secret\"))||(t=Math.random().toString(36).substring(2,12),e.src+=\"#?secret=\"+t,e.setAttribute(\"data-secret\",t)),e.contentWindow.postMessage({message:\"ready\",secret:t},\"*\")},!1)))}(window,document);\n\/\/# sourceURL=https:\/\/starke-meinungen.de\/blog\/wp-includes\/js\/wp-embed.min.js\n\/* ]]> *\/\n<\/script>\n","description":"Sehr schoen, Herr Werner, dass Sie solche Erwartungen an die Gr\u00fcnen hegen, die ja als Europapartei 1979 begonnen haben. Es\u00a0 h\u00e4tte vieles als alter gr\u00fcner Europapolitikerin von mir sein k\u00f6nnen, was Sie besser als ich schreiben. Auch weil Sie gut erkennen, dass wie in vielen Parteien und auch beim Brexit und auch in der EU vieles innerparteilichen K\u00e4mpfen und dem... Weiterlesen &raquo;","thumbnail_url":"https:\/\/starke-meinungen.de\/blog\/wp-content\/uploads\/starke-meinungen-fb-header.jpg","thumbnail_width":1200,"thumbnail_height":630}

Ja, die Grünen sollten ein Konzept für EU reformen haben - starke-meinungen.de

<blockquote class="wp-embedded-content" data-secret="B5wUrRU2qK"><a href="https://starke-meinungen.de/blog/2016/06/30/6143/">Ja, die Grünen sollten ein Konzept für EU reformen haben</a></blockquote><iframe sandbox="allow-scripts" security="restricted" src="https://starke-meinungen.de/blog/2016/06/30/6143/embed/#?secret=B5wUrRU2qK" width="600" height="338" title="&#8222;Ja, die Grünen sollten ein Konzept für EU reformen haben&#8220; &#8211; starke-meinungen.de" data-secret="B5wUrRU2qK" frameborder="0" marginwidth="0" marginheight="0" scrolling="no" class="wp-embedded-content"></iframe><script type="text/javascript">
/* <![CDATA[ */
/*! This file is auto-generated */
!function(d,l){"use strict";l.querySelector&&d.addEventListener&&"undefined"!=typeof URL&&(d.wp=d.wp||{},d.wp.receiveEmbedMessage||(d.wp.receiveEmbedMessage=function(e){var t=e.data;if((t||t.secret||t.message||t.value)&&!/[^a-zA-Z0-9]/.test(t.secret)){for(var s,r,n,a=l.querySelectorAll('iframe[data-secret="'+t.secret+'"]'),o=l.querySelectorAll('blockquote[data-secret="'+t.secret+'"]'),c=new RegExp("^https?:$","i"),i=0;i<o.length;i++)o[i].style.display="none";for(i=0;i<a.length;i++)s=a[i],e.source===s.contentWindow&&(s.removeAttribute("style"),"height"===t.message?(1e3<(r=parseInt(t.value,10))?r=1e3:~~r<200&&(r=200),s.height=r):"link"===t.message&&(r=new URL(s.getAttribute("src")),n=new URL(t.value),c.test(n.protocol))&&n.host===r.host&&l.activeElement===s&&(d.top.location.href=t.value))}},d.addEventListener("message",d.wp.receiveEmbedMessage,!1),l.addEventListener("DOMContentLoaded",function(){for(var e,t,s=l.querySelectorAll("iframe.wp-embedded-content"),r=0;r<s.length;r++)(t=(e=s[r]).getAttribute("data-secret"))||(t=Math.random().toString(36).substring(2,12),e.src+="#?secret="+t,e.setAttribute("data-secret",t)),e.contentWindow.postMessage({message:"ready",secret:t},"*")},!1)))}(window,document);
//# sourceURL=https://starke-meinungen.de/blog/wp-includes/js/wp-embed.min.js
/* ]]> */
</script>

Sehr schoen, Herr Werner, dass Sie solche Erwartungen an die Grünen hegen, die ja als Europapartei 1979 begonnen haben. Es  hätte vieles als alter grüner Europapolitikerin von mir sein können, was Sie besser als ich schreiben. Auch weil Sie gut erkennen, dass wie in vielen Parteien und auch beim Brexit und auch in der EU vieles innerparteilichen Kämpfen und dem... Weiterlesen &raquo;
