

{"version":"1.0","provider_name":"starke-meinungen.de","provider_url":"https:\/\/starke-meinungen.de\/blog","author_name":"Marcus Funck","author_url":"https:\/\/starke-meinungen.de\/blog\/author\/funck\/","title":"Zur\u00fcck in die Zukunft: Multikulturalismus aufs Neue denken - starke-meinungen.de","type":"rich","width":600,"height":338,"html":"<blockquote class=\"wp-embedded-content\" data-secret=\"wOmtrr6uPB\"><a href=\"https:\/\/starke-meinungen.de\/blog\/2016\/01\/14\/5574\/\">Zur\u00fcck in die Zukunft: Multikulturalismus aufs Neue denken<\/a><\/blockquote><iframe sandbox=\"allow-scripts\" security=\"restricted\" src=\"https:\/\/starke-meinungen.de\/blog\/2016\/01\/14\/5574\/embed\/#?secret=wOmtrr6uPB\" width=\"600\" height=\"338\" title=\"&#8222;Zur\u00fcck in die Zukunft: Multikulturalismus aufs Neue denken&#8220; &#8211; starke-meinungen.de\" data-secret=\"wOmtrr6uPB\" frameborder=\"0\" marginwidth=\"0\" marginheight=\"0\" scrolling=\"no\" class=\"wp-embedded-content\"><\/iframe><script type=\"text\/javascript\">\n\/* <![CDATA[ *\/\n\/*! This file is auto-generated *\/\n!function(d,l){\"use strict\";l.querySelector&&d.addEventListener&&\"undefined\"!=typeof URL&&(d.wp=d.wp||{},d.wp.receiveEmbedMessage||(d.wp.receiveEmbedMessage=function(e){var t=e.data;if((t||t.secret||t.message||t.value)&&!\/[^a-zA-Z0-9]\/.test(t.secret)){for(var s,r,n,a=l.querySelectorAll('iframe[data-secret=\"'+t.secret+'\"]'),o=l.querySelectorAll('blockquote[data-secret=\"'+t.secret+'\"]'),c=new RegExp(\"^https?:$\",\"i\"),i=0;i<o.length;i++)o[i].style.display=\"none\";for(i=0;i<a.length;i++)s=a[i],e.source===s.contentWindow&&(s.removeAttribute(\"style\"),\"height\"===t.message?(1e3<(r=parseInt(t.value,10))?r=1e3:~~r<200&&(r=200),s.height=r):\"link\"===t.message&&(r=new URL(s.getAttribute(\"src\")),n=new URL(t.value),c.test(n.protocol))&&n.host===r.host&&l.activeElement===s&&(d.top.location.href=t.value))}},d.addEventListener(\"message\",d.wp.receiveEmbedMessage,!1),l.addEventListener(\"DOMContentLoaded\",function(){for(var e,t,s=l.querySelectorAll(\"iframe.wp-embedded-content\"),r=0;r<s.length;r++)(t=(e=s[r]).getAttribute(\"data-secret\"))||(t=Math.random().toString(36).substring(2,12),e.src+=\"#?secret=\"+t,e.setAttribute(\"data-secret\",t)),e.contentWindow.postMessage({message:\"ready\",secret:t},\"*\")},!1)))}(window,document);\n\/\/# sourceURL=https:\/\/starke-meinungen.de\/blog\/wp-includes\/js\/wp-embed.min.js\n\/* ]]> *\/\n<\/script>\n","description":"Kaum etwas spricht mehr f\u00fcr das Versagen des in Deutschland ohnehin schwach ausgepr\u00e4gten politischen Liberalismus (jeglicher Couleur) als dessen Selbstverweigerung gegen\u00fcber einer genuin liberalen Idee. Ein Pl\u00e4doyer f\u00fcr die offensive Wiederaneignung des Begriffes und der Idee &#8222;Multikulturalismus&#8220;. Was w\u00e4ren denn auch die Alternativen?","thumbnail_url":"https:\/\/starke-meinungen.de\/blog\/wp-content\/uploads\/starke-meinungen-fb-header.jpg","thumbnail_width":1200,"thumbnail_height":630}

Zurück in die Zukunft: Multikulturalismus aufs Neue denken - starke-meinungen.de

<blockquote class="wp-embedded-content" data-secret="wOmtrr6uPB"><a href="https://starke-meinungen.de/blog/2016/01/14/5574/">Zurück in die Zukunft: Multikulturalismus aufs Neue denken</a></blockquote><iframe sandbox="allow-scripts" security="restricted" src="https://starke-meinungen.de/blog/2016/01/14/5574/embed/#?secret=wOmtrr6uPB" width="600" height="338" title="&#8222;Zurück in die Zukunft: Multikulturalismus aufs Neue denken&#8220; &#8211; starke-meinungen.de" data-secret="wOmtrr6uPB" frameborder="0" marginwidth="0" marginheight="0" scrolling="no" class="wp-embedded-content"></iframe><script type="text/javascript">
/* <![CDATA[ */
/*! This file is auto-generated */
!function(d,l){"use strict";l.querySelector&&d.addEventListener&&"undefined"!=typeof URL&&(d.wp=d.wp||{},d.wp.receiveEmbedMessage||(d.wp.receiveEmbedMessage=function(e){var t=e.data;if((t||t.secret||t.message||t.value)&&!/[^a-zA-Z0-9]/.test(t.secret)){for(var s,r,n,a=l.querySelectorAll('iframe[data-secret="'+t.secret+'"]'),o=l.querySelectorAll('blockquote[data-secret="'+t.secret+'"]'),c=new RegExp("^https?:$","i"),i=0;i<o.length;i++)o[i].style.display="none";for(i=0;i<a.length;i++)s=a[i],e.source===s.contentWindow&&(s.removeAttribute("style"),"height"===t.message?(1e3<(r=parseInt(t.value,10))?r=1e3:~~r<200&&(r=200),s.height=r):"link"===t.message&&(r=new URL(s.getAttribute("src")),n=new URL(t.value),c.test(n.protocol))&&n.host===r.host&&l.activeElement===s&&(d.top.location.href=t.value))}},d.addEventListener("message",d.wp.receiveEmbedMessage,!1),l.addEventListener("DOMContentLoaded",function(){for(var e,t,s=l.querySelectorAll("iframe.wp-embedded-content"),r=0;r<s.length;r++)(t=(e=s[r]).getAttribute("data-secret"))||(t=Math.random().toString(36).substring(2,12),e.src+="#?secret="+t,e.setAttribute("data-secret",t)),e.contentWindow.postMessage({message:"ready",secret:t},"*")},!1)))}(window,document);
//# sourceURL=https://starke-meinungen.de/blog/wp-includes/js/wp-embed.min.js
/* ]]> */
</script>

Kaum etwas spricht mehr für das Versagen des in Deutschland ohnehin schwach ausgeprägten politischen Liberalismus (jeglicher Couleur) als dessen Selbstverweigerung gegenüber einer genuin liberalen Idee. Ein Plädoyer für die offensive Wiederaneignung des Begriffes und der Idee &#8222;Multikulturalismus&#8220;. Was wären denn auch die Alternativen?
