

{"version":"1.0","provider_name":"starke-meinungen.de","provider_url":"https:\/\/starke-meinungen.de\/blog","author_name":"Rainer Werner","author_url":"https:\/\/starke-meinungen.de\/blog\/author\/werner\/","title":"Regierungspropaganda eines beflissenen Adlatus - starke-meinungen.de","type":"rich","width":600,"height":338,"html":"<blockquote class=\"wp-embedded-content\" data-secret=\"LC5oU1Tq1n\"><a href=\"https:\/\/starke-meinungen.de\/blog\/2015\/08\/21\/regierungspropaganda-eines-beflissenen-adlatus\/\">Regierungspropaganda eines beflissenen Adlatus<\/a><\/blockquote><iframe sandbox=\"allow-scripts\" security=\"restricted\" src=\"https:\/\/starke-meinungen.de\/blog\/2015\/08\/21\/regierungspropaganda-eines-beflissenen-adlatus\/embed\/#?secret=LC5oU1Tq1n\" width=\"600\" height=\"338\" title=\"&#8222;Regierungspropaganda eines beflissenen Adlatus&#8220; &#8211; starke-meinungen.de\" data-secret=\"LC5oU1Tq1n\" frameborder=\"0\" marginwidth=\"0\" marginheight=\"0\" scrolling=\"no\" class=\"wp-embedded-content\"><\/iframe><script type=\"text\/javascript\">\n\/* <![CDATA[ *\/\n\/*! This file is auto-generated *\/\n!function(d,l){\"use strict\";l.querySelector&&d.addEventListener&&\"undefined\"!=typeof URL&&(d.wp=d.wp||{},d.wp.receiveEmbedMessage||(d.wp.receiveEmbedMessage=function(e){var t=e.data;if((t||t.secret||t.message||t.value)&&!\/[^a-zA-Z0-9]\/.test(t.secret)){for(var s,r,n,a=l.querySelectorAll('iframe[data-secret=\"'+t.secret+'\"]'),o=l.querySelectorAll('blockquote[data-secret=\"'+t.secret+'\"]'),c=new RegExp(\"^https?:$\",\"i\"),i=0;i<o.length;i++)o[i].style.display=\"none\";for(i=0;i<a.length;i++)s=a[i],e.source===s.contentWindow&&(s.removeAttribute(\"style\"),\"height\"===t.message?(1e3<(r=parseInt(t.value,10))?r=1e3:~~r<200&&(r=200),s.height=r):\"link\"===t.message&&(r=new URL(s.getAttribute(\"src\")),n=new URL(t.value),c.test(n.protocol))&&n.host===r.host&&l.activeElement===s&&(d.top.location.href=t.value))}},d.addEventListener(\"message\",d.wp.receiveEmbedMessage,!1),l.addEventListener(\"DOMContentLoaded\",function(){for(var e,t,s=l.querySelectorAll(\"iframe.wp-embedded-content\"),r=0;r<s.length;r++)(t=(e=s[r]).getAttribute(\"data-secret\"))||(t=Math.random().toString(36).substring(2,12),e.src+=\"#?secret=\"+t,e.setAttribute(\"data-secret\",t)),e.contentWindow.postMessage({message:\"ready\",secret:t},\"*\")},!1)))}(window,document);\n\/\/# sourceURL=https:\/\/starke-meinungen.de\/blog\/wp-includes\/js\/wp-embed.min.js\n\/* ]]> *\/\n<\/script>\n","description":"Aus der Politik kennt man das Ph\u00e4nomen, dass degradierte Politiker sich in den Schmollwinkel zur\u00fcckziehen und alles, was sie zuvor vollmundig vertreten haben, als sch\u00e4dlich verdammen. Wir lernen: Auch in der Politik ist Rache s\u00fc\u00df. Die Herren Friedrich und Ramsauer (CSU) geh\u00f6ren zu dieser Spezies. Dann gibt es noch Norbert R\u00f6ttgen (CDU), der ganz anders auf die Herabstufung durch Angela... Weiterlesen &raquo;","thumbnail_url":"https:\/\/starke-meinungen.de\/blog\/wp-content\/uploads\/starke-meinungen-fb-header.jpg","thumbnail_width":1200,"thumbnail_height":630}

Aus der Politik kennt man das Phänomen, dass degradierte Politiker sich in den Schmollwinkel zurückziehen und alles, was sie zuvor vollmundig vertreten haben, als schädlich verdammen. Wir lernen: Auch in der Politik ist Rache süß. Die Herren Friedrich und Ramsauer (CSU) gehören zu dieser Spezies. Dann gibt es noch Norbert Röttgen (CDU), der ganz anders auf die Herabstufung durch Angela... Weiterlesen &raquo;
