

{"version":"1.0","provider_name":"starke-meinungen.de","provider_url":"https:\/\/starke-meinungen.de\/blog","author_name":"Rainer Werner","author_url":"https:\/\/starke-meinungen.de\/blog\/author\/werner\/","title":"Kopftuchurteil mit Folgen - starke-meinungen.de","type":"rich","width":600,"height":338,"html":"<blockquote class=\"wp-embedded-content\" data-secret=\"XlC5YshDfm\"><a href=\"https:\/\/starke-meinungen.de\/blog\/2015\/04\/11\/kopftuchurteil-mit-folgen\/\">Kopftuchurteil mit Folgen<\/a><\/blockquote><iframe sandbox=\"allow-scripts\" security=\"restricted\" src=\"https:\/\/starke-meinungen.de\/blog\/2015\/04\/11\/kopftuchurteil-mit-folgen\/embed\/#?secret=XlC5YshDfm\" width=\"600\" height=\"338\" title=\"&#8222;Kopftuchurteil mit Folgen&#8220; &#8211; starke-meinungen.de\" data-secret=\"XlC5YshDfm\" frameborder=\"0\" marginwidth=\"0\" marginheight=\"0\" scrolling=\"no\" class=\"wp-embedded-content\"><\/iframe><script type=\"text\/javascript\">\n\/* <![CDATA[ *\/\n\/*! This file is auto-generated *\/\n!function(d,l){\"use strict\";l.querySelector&&d.addEventListener&&\"undefined\"!=typeof URL&&(d.wp=d.wp||{},d.wp.receiveEmbedMessage||(d.wp.receiveEmbedMessage=function(e){var t=e.data;if((t||t.secret||t.message||t.value)&&!\/[^a-zA-Z0-9]\/.test(t.secret)){for(var s,r,n,a=l.querySelectorAll('iframe[data-secret=\"'+t.secret+'\"]'),o=l.querySelectorAll('blockquote[data-secret=\"'+t.secret+'\"]'),c=new RegExp(\"^https?:$\",\"i\"),i=0;i<o.length;i++)o[i].style.display=\"none\";for(i=0;i<a.length;i++)s=a[i],e.source===s.contentWindow&&(s.removeAttribute(\"style\"),\"height\"===t.message?(1e3<(r=parseInt(t.value,10))?r=1e3:~~r<200&&(r=200),s.height=r):\"link\"===t.message&&(r=new URL(s.getAttribute(\"src\")),n=new URL(t.value),c.test(n.protocol))&&n.host===r.host&&l.activeElement===s&&(d.top.location.href=t.value))}},d.addEventListener(\"message\",d.wp.receiveEmbedMessage,!1),l.addEventListener(\"DOMContentLoaded\",function(){for(var e,t,s=l.querySelectorAll(\"iframe.wp-embedded-content\"),r=0;r<s.length;r++)(t=(e=s[r]).getAttribute(\"data-secret\"))||(t=Math.random().toString(36).substring(2,12),e.src+=\"#?secret=\"+t,e.setAttribute(\"data-secret\",t)),e.contentWindow.postMessage({message:\"ready\",secret:t},\"*\")},!1)))}(window,document);\n\/\/# sourceURL=https:\/\/starke-meinungen.de\/blog\/wp-includes\/js\/wp-embed.min.js\n\/* ]]> *\/\n<\/script>\n","description":"Das Urteil des Bundesverfassungsgerichts zum Kopftuchstreit hat bei der Abw\u00e4gung zwischen der Neutralit\u00e4tspflicht staatlicher Institutionen und der freien Glaubensaus\u00fcbung auch f\u00fcr Staatsbedienstete zugunsten der individuellen Freiheit der Lehrkraft entschieden. Die Reaktionen in der \u00d6ffentlichkeit waren, wie zu erwarten war, gemischt. Der Bezirksb\u00fcrgermeister von Berlin-Neuk\u00f6lln Heinz Buschkowsky nannte das Urteil eine &#8222;Katastrophe&#8220; und das Kopftuch ein &#8222;Besitzzeichen des Mannes&#8220;. F\u00fcr die... Weiterlesen &raquo;","thumbnail_url":"https:\/\/starke-meinungen.de\/blog\/wp-content\/uploads\/starke-meinungen-fb-header.jpg","thumbnail_width":1200,"thumbnail_height":630}

Das Urteil des Bundesverfassungsgerichts zum Kopftuchstreit hat bei der Abwägung zwischen der Neutralitätspflicht staatlicher Institutionen und der freien Glaubensausübung auch für Staatsbedienstete zugunsten der individuellen Freiheit der Lehrkraft entschieden. Die Reaktionen in der Öffentlichkeit waren, wie zu erwarten war, gemischt. Der Bezirksbürgermeister von Berlin-Neukölln Heinz Buschkowsky nannte das Urteil eine &#8222;Katastrophe&#8220; und das Kopftuch ein &#8222;Besitzzeichen des Mannes&#8220;. Für die... Weiterlesen &raquo;
