

{"version":"1.0","provider_name":"starke-meinungen.de","provider_url":"https:\/\/starke-meinungen.de\/blog","author_name":"Alan Posener","author_url":"https:\/\/starke-meinungen.de\/blog\/author\/posener\/","title":"Die List der Geschichte - starke-meinungen.de","type":"rich","width":600,"height":338,"html":"<blockquote class=\"wp-embedded-content\" data-secret=\"M18F4O9PFG\"><a href=\"https:\/\/starke-meinungen.de\/blog\/2013\/12\/03\/die-list-der-geschichte\/\">Die List der Geschichte<\/a><\/blockquote><iframe sandbox=\"allow-scripts\" security=\"restricted\" src=\"https:\/\/starke-meinungen.de\/blog\/2013\/12\/03\/die-list-der-geschichte\/embed\/#?secret=M18F4O9PFG\" width=\"600\" height=\"338\" title=\"&#8222;Die List der Geschichte&#8220; &#8211; starke-meinungen.de\" data-secret=\"M18F4O9PFG\" frameborder=\"0\" marginwidth=\"0\" marginheight=\"0\" scrolling=\"no\" class=\"wp-embedded-content\"><\/iframe><script type=\"text\/javascript\">\n\/* <![CDATA[ *\/\n\/*! This file is auto-generated *\/\n!function(d,l){\"use strict\";l.querySelector&&d.addEventListener&&\"undefined\"!=typeof URL&&(d.wp=d.wp||{},d.wp.receiveEmbedMessage||(d.wp.receiveEmbedMessage=function(e){var t=e.data;if((t||t.secret||t.message||t.value)&&!\/[^a-zA-Z0-9]\/.test(t.secret)){for(var s,r,n,a=l.querySelectorAll('iframe[data-secret=\"'+t.secret+'\"]'),o=l.querySelectorAll('blockquote[data-secret=\"'+t.secret+'\"]'),c=new RegExp(\"^https?:$\",\"i\"),i=0;i<o.length;i++)o[i].style.display=\"none\";for(i=0;i<a.length;i++)s=a[i],e.source===s.contentWindow&&(s.removeAttribute(\"style\"),\"height\"===t.message?(1e3<(r=parseInt(t.value,10))?r=1e3:~~r<200&&(r=200),s.height=r):\"link\"===t.message&&(r=new URL(s.getAttribute(\"src\")),n=new URL(t.value),c.test(n.protocol))&&n.host===r.host&&l.activeElement===s&&(d.top.location.href=t.value))}},d.addEventListener(\"message\",d.wp.receiveEmbedMessage,!1),l.addEventListener(\"DOMContentLoaded\",function(){for(var e,t,s=l.querySelectorAll(\"iframe.wp-embedded-content\"),r=0;r<s.length;r++)(t=(e=s[r]).getAttribute(\"data-secret\"))||(t=Math.random().toString(36).substring(2,12),e.src+=\"#?secret=\"+t,e.setAttribute(\"data-secret\",t)),e.contentWindow.postMessage({message:\"ready\",secret:t},\"*\")},!1)))}(window,document);\n\/\/# sourceURL=https:\/\/starke-meinungen.de\/blog\/wp-includes\/js\/wp-embed.min.js\n\/* ]]> *\/\n<\/script>\n","description":"Nat\u00fcrlich ist die Gro\u00dfe Koalition eine Entt\u00e4uschung. Schon vor dem Abschluss der Verhandlungen habe ich im \u201eGuardian\u201c die Umrisse einer Fundamentalkritik skizziert: http:\/\/www.theguardian.com\/commentisfree\/2013\/nov\/25\/germany-strength-illusion-merkel-coalition Davon nehme ich nichts zur\u00fcck \u2013 au\u00dfer der Erwartung, die Koalition werde sich nicht trauen, die doppelte Staatsb\u00fcrgerschaft anzugehen. Und die Tatsache, dass ich in diesem Punkt Unrecht hatte, ist mir Anlass, an dieser Stelle nicht weiter... Weiterlesen &raquo;","thumbnail_url":"https:\/\/starke-meinungen.de\/blog\/wp-content\/uploads\/starke-meinungen-fb-header.jpg","thumbnail_width":1200,"thumbnail_height":630}

Natürlich ist die Große Koalition eine Enttäuschung. Schon vor dem Abschluss der Verhandlungen habe ich im „Guardian“ die Umrisse einer Fundamentalkritik skizziert: http://www.theguardian.com/commentisfree/2013/nov/25/germany-strength-illusion-merkel-coalition Davon nehme ich nichts zurück – außer der Erwartung, die Koalition werde sich nicht trauen, die doppelte Staatsbürgerschaft anzugehen. Und die Tatsache, dass ich in diesem Punkt Unrecht hatte, ist mir Anlass, an dieser Stelle nicht weiter... Weiterlesen &raquo;
