

{"version":"1.0","provider_name":"starke-meinungen.de","provider_url":"https:\/\/starke-meinungen.de\/blog","author_name":"Rainer Werner","author_url":"https:\/\/starke-meinungen.de\/blog\/author\/werner\/","title":"Die T\u00fcrkei in die EU? Lieber nicht! - starke-meinungen.de","type":"rich","width":600,"height":338,"html":"<blockquote class=\"wp-embedded-content\" data-secret=\"DOQsSIgs7a\"><a href=\"https:\/\/starke-meinungen.de\/blog\/2012\/11\/15\/die-turkei-in-die-eu-lieber-nicht\/\">Die T\u00fcrkei  in die EU?  Lieber nicht!<\/a><\/blockquote><iframe sandbox=\"allow-scripts\" security=\"restricted\" src=\"https:\/\/starke-meinungen.de\/blog\/2012\/11\/15\/die-turkei-in-die-eu-lieber-nicht\/embed\/#?secret=DOQsSIgs7a\" width=\"600\" height=\"338\" title=\"&#8222;Die T\u00fcrkei  in die EU?  Lieber nicht!&#8220; &#8211; starke-meinungen.de\" data-secret=\"DOQsSIgs7a\" frameborder=\"0\" marginwidth=\"0\" marginheight=\"0\" scrolling=\"no\" class=\"wp-embedded-content\"><\/iframe><script type=\"text\/javascript\">\n\/* <![CDATA[ *\/\n\/*! This file is auto-generated *\/\n!function(d,l){\"use strict\";l.querySelector&&d.addEventListener&&\"undefined\"!=typeof URL&&(d.wp=d.wp||{},d.wp.receiveEmbedMessage||(d.wp.receiveEmbedMessage=function(e){var t=e.data;if((t||t.secret||t.message||t.value)&&!\/[^a-zA-Z0-9]\/.test(t.secret)){for(var s,r,n,a=l.querySelectorAll('iframe[data-secret=\"'+t.secret+'\"]'),o=l.querySelectorAll('blockquote[data-secret=\"'+t.secret+'\"]'),c=new RegExp(\"^https?:$\",\"i\"),i=0;i<o.length;i++)o[i].style.display=\"none\";for(i=0;i<a.length;i++)s=a[i],e.source===s.contentWindow&&(s.removeAttribute(\"style\"),\"height\"===t.message?(1e3<(r=parseInt(t.value,10))?r=1e3:~~r<200&&(r=200),s.height=r):\"link\"===t.message&&(r=new URL(s.getAttribute(\"src\")),n=new URL(t.value),c.test(n.protocol))&&n.host===r.host&&l.activeElement===s&&(d.top.location.href=t.value))}},d.addEventListener(\"message\",d.wp.receiveEmbedMessage,!1),l.addEventListener(\"DOMContentLoaded\",function(){for(var e,t,s=l.querySelectorAll(\"iframe.wp-embedded-content\"),r=0;r<s.length;r++)(t=(e=s[r]).getAttribute(\"data-secret\"))||(t=Math.random().toString(36).substring(2,12),e.src+=\"#?secret=\"+t,e.setAttribute(\"data-secret\",t)),e.contentWindow.postMessage({message:\"ready\",secret:t},\"*\")},!1)))}(window,document);\n\/\/# sourceURL=https:\/\/starke-meinungen.de\/blog\/wp-includes\/js\/wp-embed.min.js\n\/* ]]> *\/\n<\/script>\n","description":"Bei seinem j\u00fcngsten Besuch in der Bundesrepublik hat der t\u00fcrkische Premierminister Erdogan den Wunsch seines Landes bekr\u00e4ftigt, die Verhandlungen \u00fcber den Beitritt seines Landes in die EU erfolgreich zu Ende f\u00fchren zu wollen. Er sehe die Perspektive der T\u00fcrkei in Europa, ja er br\u00fcstete sich damit, dass die T\u00fcrkei wirtschaftlich so stark sei, dass sie f\u00fcr Europa \u201eLasten \u00fcbernehmen\u201c k\u00f6nne.... Weiterlesen &raquo;","thumbnail_url":"https:\/\/starke-meinungen.de\/blog\/wp-content\/uploads\/starke-meinungen-fb-header.jpg","thumbnail_width":1200,"thumbnail_height":630}

Die Türkei in die EU? Lieber nicht! - starke-meinungen.de

<blockquote class="wp-embedded-content" data-secret="DOQsSIgs7a"><a href="https://starke-meinungen.de/blog/2012/11/15/die-turkei-in-die-eu-lieber-nicht/">Die Türkei  in die EU?  Lieber nicht!</a></blockquote><iframe sandbox="allow-scripts" security="restricted" src="https://starke-meinungen.de/blog/2012/11/15/die-turkei-in-die-eu-lieber-nicht/embed/#?secret=DOQsSIgs7a" width="600" height="338" title="&#8222;Die Türkei  in die EU?  Lieber nicht!&#8220; &#8211; starke-meinungen.de" data-secret="DOQsSIgs7a" frameborder="0" marginwidth="0" marginheight="0" scrolling="no" class="wp-embedded-content"></iframe><script type="text/javascript">
/* <![CDATA[ */
/*! This file is auto-generated */
!function(d,l){"use strict";l.querySelector&&d.addEventListener&&"undefined"!=typeof URL&&(d.wp=d.wp||{},d.wp.receiveEmbedMessage||(d.wp.receiveEmbedMessage=function(e){var t=e.data;if((t||t.secret||t.message||t.value)&&!/[^a-zA-Z0-9]/.test(t.secret)){for(var s,r,n,a=l.querySelectorAll('iframe[data-secret="'+t.secret+'"]'),o=l.querySelectorAll('blockquote[data-secret="'+t.secret+'"]'),c=new RegExp("^https?:$","i"),i=0;i<o.length;i++)o[i].style.display="none";for(i=0;i<a.length;i++)s=a[i],e.source===s.contentWindow&&(s.removeAttribute("style"),"height"===t.message?(1e3<(r=parseInt(t.value,10))?r=1e3:~~r<200&&(r=200),s.height=r):"link"===t.message&&(r=new URL(s.getAttribute("src")),n=new URL(t.value),c.test(n.protocol))&&n.host===r.host&&l.activeElement===s&&(d.top.location.href=t.value))}},d.addEventListener("message",d.wp.receiveEmbedMessage,!1),l.addEventListener("DOMContentLoaded",function(){for(var e,t,s=l.querySelectorAll("iframe.wp-embedded-content"),r=0;r<s.length;r++)(t=(e=s[r]).getAttribute("data-secret"))||(t=Math.random().toString(36).substring(2,12),e.src+="#?secret="+t,e.setAttribute("data-secret",t)),e.contentWindow.postMessage({message:"ready",secret:t},"*")},!1)))}(window,document);
//# sourceURL=https://starke-meinungen.de/blog/wp-includes/js/wp-embed.min.js
/* ]]> */
</script>

Bei seinem jüngsten Besuch in der Bundesrepublik hat der türkische Premierminister Erdogan den Wunsch seines Landes bekräftigt, die Verhandlungen über den Beitritt seines Landes in die EU erfolgreich zu Ende führen zu wollen. Er sehe die Perspektive der Türkei in Europa, ja er brüstete sich damit, dass die Türkei wirtschaftlich so stark sei, dass sie für Europa „Lasten übernehmen“ könne.... Weiterlesen &raquo;
