

{"version":"1.0","provider_name":"starke-meinungen.de","provider_url":"https:\/\/starke-meinungen.de\/blog","author_name":"Rainer Werner","author_url":"https:\/\/starke-meinungen.de\/blog\/author\/werner\/","title":"Was Europa tun muss - starke-meinungen.de","type":"rich","width":600,"height":338,"html":"<blockquote class=\"wp-embedded-content\" data-secret=\"WuDZuRzyvK\"><a href=\"https:\/\/starke-meinungen.de\/blog\/2012\/10\/19\/was-europa-tun-muss\/\">Was Europa tun muss<\/a><\/blockquote><iframe sandbox=\"allow-scripts\" security=\"restricted\" src=\"https:\/\/starke-meinungen.de\/blog\/2012\/10\/19\/was-europa-tun-muss\/embed\/#?secret=WuDZuRzyvK\" width=\"600\" height=\"338\" title=\"&#8222;Was Europa tun muss&#8220; &#8211; starke-meinungen.de\" data-secret=\"WuDZuRzyvK\" frameborder=\"0\" marginwidth=\"0\" marginheight=\"0\" scrolling=\"no\" class=\"wp-embedded-content\"><\/iframe><script type=\"text\/javascript\">\n\/* <![CDATA[ *\/\n\/*! This file is auto-generated *\/\n!function(d,l){\"use strict\";l.querySelector&&d.addEventListener&&\"undefined\"!=typeof URL&&(d.wp=d.wp||{},d.wp.receiveEmbedMessage||(d.wp.receiveEmbedMessage=function(e){var t=e.data;if((t||t.secret||t.message||t.value)&&!\/[^a-zA-Z0-9]\/.test(t.secret)){for(var s,r,n,a=l.querySelectorAll('iframe[data-secret=\"'+t.secret+'\"]'),o=l.querySelectorAll('blockquote[data-secret=\"'+t.secret+'\"]'),c=new RegExp(\"^https?:$\",\"i\"),i=0;i<o.length;i++)o[i].style.display=\"none\";for(i=0;i<a.length;i++)s=a[i],e.source===s.contentWindow&&(s.removeAttribute(\"style\"),\"height\"===t.message?(1e3<(r=parseInt(t.value,10))?r=1e3:~~r<200&&(r=200),s.height=r):\"link\"===t.message&&(r=new URL(s.getAttribute(\"src\")),n=new URL(t.value),c.test(n.protocol))&&n.host===r.host&&l.activeElement===s&&(d.top.location.href=t.value))}},d.addEventListener(\"message\",d.wp.receiveEmbedMessage,!1),l.addEventListener(\"DOMContentLoaded\",function(){for(var e,t,s=l.querySelectorAll(\"iframe.wp-embedded-content\"),r=0;r<s.length;r++)(t=(e=s[r]).getAttribute(\"data-secret\"))||(t=Math.random().toString(36).substring(2,12),e.src+=\"#?secret=\"+t,e.setAttribute(\"data-secret\",t)),e.contentWindow.postMessage({message:\"ready\",secret:t},\"*\")},!1)))}(window,document);\n\/\/# sourceURL=https:\/\/starke-meinungen.de\/blog\/wp-includes\/js\/wp-embed.min.js\n\/* ]]> *\/\n<\/script>\n","description":"Oft liest man in Kommentaren zur Euro-Krise die resignierte Botschaft, die Euro-Zone beruhe auf einem Irrtum, der nicht zu korrigieren sei, es sei denn, man ginge zu den nationalen W\u00e4hrungen zur\u00fcck. Als Problem werden \u00a0immer die unterschiedlichen Mentalit\u00e4ten der V\u00f6lker angef\u00fchrt, die eine Wirtschaft im Gleichklang nicht erm\u00f6glichten, von einer Anpassung der S\u00fcdl\u00e4nder an deutsche Leistungsbereitschaft ganz zu schweigen. Den... Weiterlesen &raquo;","thumbnail_url":"https:\/\/starke-meinungen.de\/blog\/wp-content\/uploads\/starke-meinungen-fb-header.jpg","thumbnail_width":1200,"thumbnail_height":630}

Oft liest man in Kommentaren zur Euro-Krise die resignierte Botschaft, die Euro-Zone beruhe auf einem Irrtum, der nicht zu korrigieren sei, es sei denn, man ginge zu den nationalen Währungen zurück. Als Problem werden  immer die unterschiedlichen Mentalitäten der Völker angeführt, die eine Wirtschaft im Gleichklang nicht ermöglichten, von einer Anpassung der Südländer an deutsche Leistungsbereitschaft ganz zu schweigen. Den... Weiterlesen &raquo;
