

{"version":"1.0","provider_name":"starke-meinungen.de","provider_url":"https:\/\/starke-meinungen.de\/blog","author_name":"Alan Posener","author_url":"https:\/\/starke-meinungen.de\/blog\/author\/posener\/","title":"Benedikt kritisiert das Konzil - starke-meinungen.de","type":"rich","width":600,"height":338,"html":"<blockquote class=\"wp-embedded-content\" data-secret=\"REpM15kOxD\"><a href=\"https:\/\/starke-meinungen.de\/blog\/2012\/10\/16\/benedikt-kritisiert-das-konzil\/\">Benedikt kritisiert das Konzil<\/a><\/blockquote><iframe sandbox=\"allow-scripts\" security=\"restricted\" src=\"https:\/\/starke-meinungen.de\/blog\/2012\/10\/16\/benedikt-kritisiert-das-konzil\/embed\/#?secret=REpM15kOxD\" width=\"600\" height=\"338\" title=\"&#8222;Benedikt kritisiert das Konzil&#8220; &#8211; starke-meinungen.de\" data-secret=\"REpM15kOxD\" frameborder=\"0\" marginwidth=\"0\" marginheight=\"0\" scrolling=\"no\" class=\"wp-embedded-content\"><\/iframe><script type=\"text\/javascript\">\n\/* <![CDATA[ *\/\n\/*! This file is auto-generated *\/\n!function(d,l){\"use strict\";l.querySelector&&d.addEventListener&&\"undefined\"!=typeof URL&&(d.wp=d.wp||{},d.wp.receiveEmbedMessage||(d.wp.receiveEmbedMessage=function(e){var t=e.data;if((t||t.secret||t.message||t.value)&&!\/[^a-zA-Z0-9]\/.test(t.secret)){for(var s,r,n,a=l.querySelectorAll('iframe[data-secret=\"'+t.secret+'\"]'),o=l.querySelectorAll('blockquote[data-secret=\"'+t.secret+'\"]'),c=new RegExp(\"^https?:$\",\"i\"),i=0;i<o.length;i++)o[i].style.display=\"none\";for(i=0;i<a.length;i++)s=a[i],e.source===s.contentWindow&&(s.removeAttribute(\"style\"),\"height\"===t.message?(1e3<(r=parseInt(t.value,10))?r=1e3:~~r<200&&(r=200),s.height=r):\"link\"===t.message&&(r=new URL(s.getAttribute(\"src\")),n=new URL(t.value),c.test(n.protocol))&&n.host===r.host&&l.activeElement===s&&(d.top.location.href=t.value))}},d.addEventListener(\"message\",d.wp.receiveEmbedMessage,!1),l.addEventListener(\"DOMContentLoaded\",function(){for(var e,t,s=l.querySelectorAll(\"iframe.wp-embedded-content\"),r=0;r<s.length;r++)(t=(e=s[r]).getAttribute(\"data-secret\"))||(t=Math.random().toString(36).substring(2,12),e.src+=\"#?secret=\"+t,e.setAttribute(\"data-secret\",t)),e.contentWindow.postMessage({message:\"ready\",secret:t},\"*\")},!1)))}(window,document);\n\/\/# sourceURL=https:\/\/starke-meinungen.de\/blog\/wp-includes\/js\/wp-embed.min.js\n\/* ]]> *\/\n<\/script>\n","description":"Letzte Woche habe ich an dieser Stelle zu zeigen versucht, wie Joseph Ratzinger das Zweite Vatikanische Konzil entwertet, indem er es zu Unrecht urs\u00e4chlich verantwortlich macht f\u00fcr die \u201eG\u00e4rungen\u201c von 1968 und sogar f\u00fcr den Terrorismus, der auf das Scheitern von 68 folgte. Leider wurde hier dar\u00fcber wenig, daf\u00fcr 68 und die 68er viel diskutiert. Nun liegt eine aktuelle Stellungnahme... Weiterlesen &raquo;","thumbnail_url":"https:\/\/starke-meinungen.de\/blog\/wp-content\/uploads\/starke-meinungen-fb-header.jpg","thumbnail_width":1200,"thumbnail_height":630}

Letzte Woche habe ich an dieser Stelle zu zeigen versucht, wie Joseph Ratzinger das Zweite Vatikanische Konzil entwertet, indem er es zu Unrecht ursächlich verantwortlich macht für die „Gärungen“ von 1968 und sogar für den Terrorismus, der auf das Scheitern von 68 folgte. Leider wurde hier darüber wenig, dafür 68 und die 68er viel diskutiert. Nun liegt eine aktuelle Stellungnahme... Weiterlesen &raquo;
