

{"version":"1.0","provider_name":"starke-meinungen.de","provider_url":"https:\/\/starke-meinungen.de\/blog","author_name":"Gastautor","author_url":"https:\/\/starke-meinungen.de\/blog\/author\/gastautor\/","title":"Die Migrantenkinder ermutigen! - starke-meinungen.de","type":"rich","width":600,"height":338,"html":"<blockquote class=\"wp-embedded-content\" data-secret=\"2OjXclpAm8\"><a href=\"https:\/\/starke-meinungen.de\/blog\/2012\/06\/14\/die-migrantenkinder-ermutigen\/\">Die Migrantenkinder ermutigen!<\/a><\/blockquote><iframe sandbox=\"allow-scripts\" security=\"restricted\" src=\"https:\/\/starke-meinungen.de\/blog\/2012\/06\/14\/die-migrantenkinder-ermutigen\/embed\/#?secret=2OjXclpAm8\" width=\"600\" height=\"338\" title=\"&#8222;Die Migrantenkinder ermutigen!&#8220; &#8211; starke-meinungen.de\" data-secret=\"2OjXclpAm8\" frameborder=\"0\" marginwidth=\"0\" marginheight=\"0\" scrolling=\"no\" class=\"wp-embedded-content\"><\/iframe><script type=\"text\/javascript\">\n\/* <![CDATA[ *\/\n\/*! This file is auto-generated *\/\n!function(d,l){\"use strict\";l.querySelector&&d.addEventListener&&\"undefined\"!=typeof URL&&(d.wp=d.wp||{},d.wp.receiveEmbedMessage||(d.wp.receiveEmbedMessage=function(e){var t=e.data;if((t||t.secret||t.message||t.value)&&!\/[^a-zA-Z0-9]\/.test(t.secret)){for(var s,r,n,a=l.querySelectorAll('iframe[data-secret=\"'+t.secret+'\"]'),o=l.querySelectorAll('blockquote[data-secret=\"'+t.secret+'\"]'),c=new RegExp(\"^https?:$\",\"i\"),i=0;i<o.length;i++)o[i].style.display=\"none\";for(i=0;i<a.length;i++)s=a[i],e.source===s.contentWindow&&(s.removeAttribute(\"style\"),\"height\"===t.message?(1e3<(r=parseInt(t.value,10))?r=1e3:~~r<200&&(r=200),s.height=r):\"link\"===t.message&&(r=new URL(s.getAttribute(\"src\")),n=new URL(t.value),c.test(n.protocol))&&n.host===r.host&&l.activeElement===s&&(d.top.location.href=t.value))}},d.addEventListener(\"message\",d.wp.receiveEmbedMessage,!1),l.addEventListener(\"DOMContentLoaded\",function(){for(var e,t,s=l.querySelectorAll(\"iframe.wp-embedded-content\"),r=0;r<s.length;r++)(t=(e=s[r]).getAttribute(\"data-secret\"))||(t=Math.random().toString(36).substring(2,12),e.src+=\"#?secret=\"+t,e.setAttribute(\"data-secret\",t)),e.contentWindow.postMessage({message:\"ready\",secret:t},\"*\")},!1)))}(window,document);\n\/\/# sourceURL=https:\/\/starke-meinungen.de\/blog\/wp-includes\/js\/wp-embed.min.js\n\/* ]]> *\/\n<\/script>\n","description":"Von Rainer Werner Wenn die Sch\u00fcler einer Gesamtschule in Duisburg, Bremen\u00a0 oder Berlin f\u00fcr ein multiethnisches Fest\u00a0 die Flaggen ihrer Herkunftsl\u00e4nder malen, kann es vorkommen, dass\u00a0 anschlie\u00dfend \u00fcber 100 Fahnen vom Dach des Schulgeb\u00e4udes flattern. Daran kann man ablesen: Die Schule ist ein au\u00dfergew\u00f6hnlicher Ort multikultureller Begegnung, an dem sich jeden Tag\u00a0 Sch\u00fcler unterschiedlicher ethnischer Herkunft versammeln, um gemeinsam zu... Weiterlesen &raquo;","thumbnail_url":"https:\/\/starke-meinungen.de\/blog\/wp-content\/uploads\/starke-meinungen-fb-header.jpg","thumbnail_width":1200,"thumbnail_height":630}

Von Rainer Werner Wenn die Schüler einer Gesamtschule in Duisburg, Bremen  oder Berlin für ein multiethnisches Fest  die Flaggen ihrer Herkunftsländer malen, kann es vorkommen, dass  anschließend über 100 Fahnen vom Dach des Schulgebäudes flattern. Daran kann man ablesen: Die Schule ist ein außergewöhnlicher Ort multikultureller Begegnung, an dem sich jeden Tag  Schüler unterschiedlicher ethnischer Herkunft versammeln, um gemeinsam zu... Weiterlesen &raquo;
