

{"version":"1.0","provider_name":"starke-meinungen.de","provider_url":"https:\/\/starke-meinungen.de\/blog","author_name":"Alan Posener","author_url":"https:\/\/starke-meinungen.de\/blog\/author\/posener\/","title":"Die Krise - und der Quatsch mit dem sinkenden Wohlstand  - starke-meinungen.de","type":"rich","width":600,"height":338,"html":"<blockquote class=\"wp-embedded-content\" data-secret=\"vm2DhrArSV\"><a href=\"https:\/\/starke-meinungen.de\/blog\/2011\/08\/29\/2866\/\">Die Krise &#8211; und der Quatsch mit dem sinkenden Wohlstand<\/a><\/blockquote><iframe sandbox=\"allow-scripts\" security=\"restricted\" src=\"https:\/\/starke-meinungen.de\/blog\/2011\/08\/29\/2866\/embed\/#?secret=vm2DhrArSV\" width=\"600\" height=\"338\" title=\"&#8222;Die Krise &#8211; und der Quatsch mit dem sinkenden Wohlstand&#8220; &#8211; starke-meinungen.de\" data-secret=\"vm2DhrArSV\" frameborder=\"0\" marginwidth=\"0\" marginheight=\"0\" scrolling=\"no\" class=\"wp-embedded-content\"><\/iframe><script type=\"text\/javascript\">\n\/* <![CDATA[ *\/\n\/*! This file is auto-generated *\/\n!function(d,l){\"use strict\";l.querySelector&&d.addEventListener&&\"undefined\"!=typeof URL&&(d.wp=d.wp||{},d.wp.receiveEmbedMessage||(d.wp.receiveEmbedMessage=function(e){var t=e.data;if((t||t.secret||t.message||t.value)&&!\/[^a-zA-Z0-9]\/.test(t.secret)){for(var s,r,n,a=l.querySelectorAll('iframe[data-secret=\"'+t.secret+'\"]'),o=l.querySelectorAll('blockquote[data-secret=\"'+t.secret+'\"]'),c=new RegExp(\"^https?:$\",\"i\"),i=0;i<o.length;i++)o[i].style.display=\"none\";for(i=0;i<a.length;i++)s=a[i],e.source===s.contentWindow&&(s.removeAttribute(\"style\"),\"height\"===t.message?(1e3<(r=parseInt(t.value,10))?r=1e3:~~r<200&&(r=200),s.height=r):\"link\"===t.message&&(r=new URL(s.getAttribute(\"src\")),n=new URL(t.value),c.test(n.protocol))&&n.host===r.host&&l.activeElement===s&&(d.top.location.href=t.value))}},d.addEventListener(\"message\",d.wp.receiveEmbedMessage,!1),l.addEventListener(\"DOMContentLoaded\",function(){for(var e,t,s=l.querySelectorAll(\"iframe.wp-embedded-content\"),r=0;r<s.length;r++)(t=(e=s[r]).getAttribute(\"data-secret\"))||(t=Math.random().toString(36).substring(2,12),e.src+=\"#?secret=\"+t,e.setAttribute(\"data-secret\",t)),e.contentWindow.postMessage({message:\"ready\",secret:t},\"*\")},!1)))}(window,document);\n\/\/# sourceURL=https:\/\/starke-meinungen.de\/blog\/wp-includes\/js\/wp-embed.min.js\n\/* ]]> *\/\n<\/script>\n","description":"Letzte Woche habe ich mich ein wenig \u00fcber Frank Schirrmacher und seine Kapitalismuskritik lustig gemacht. Ich unterstellte, um es kurz zu machen, dass der Kafka-Experte &#8211; http:\/\/www.spiegel.de\/spiegel\/print\/d-8924245.html &#8211; wie Gregor Samsa eines Morgens als K\u00e4fer erwachte, sprich die Welt nicht mehr verstand, und daf\u00fcr die Welt verantwortlich macht. Schirrmachers Katastrophismus ist so unseri\u00f6s wie die Dreifachverwertung einer wissenschaftlichen Arbeit. Man... Weiterlesen &raquo;","thumbnail_url":"https:\/\/starke-meinungen.de\/blog\/wp-content\/uploads\/starke-meinungen-fb-header.jpg","thumbnail_width":1200,"thumbnail_height":630}

Letzte Woche habe ich mich ein wenig über Frank Schirrmacher und seine Kapitalismuskritik lustig gemacht. Ich unterstellte, um es kurz zu machen, dass der Kafka-Experte &#8211; http://www.spiegel.de/spiegel/print/d-8924245.html &#8211; wie Gregor Samsa eines Morgens als Käfer erwachte, sprich die Welt nicht mehr verstand, und dafür die Welt verantwortlich macht. Schirrmachers Katastrophismus ist so unseriös wie die Dreifachverwertung einer wissenschaftlichen Arbeit. Man... Weiterlesen &raquo;
