

{"version":"1.0","provider_name":"starke-meinungen.de","provider_url":"https:\/\/starke-meinungen.de\/blog","author_name":"Gastautor","author_url":"https:\/\/starke-meinungen.de\/blog\/author\/gastautor\/","title":"Wir sind alle gefordert - starke-meinungen.de","type":"rich","width":600,"height":338,"html":"<blockquote class=\"wp-embedded-content\" data-secret=\"Qg6Bn4Kzgu\"><a href=\"https:\/\/starke-meinungen.de\/blog\/2010\/03\/20\/wir-sind-alle-gefordert\/\">Wir sind alle gefordert<\/a><\/blockquote><iframe sandbox=\"allow-scripts\" security=\"restricted\" src=\"https:\/\/starke-meinungen.de\/blog\/2010\/03\/20\/wir-sind-alle-gefordert\/embed\/#?secret=Qg6Bn4Kzgu\" width=\"600\" height=\"338\" title=\"&#8222;Wir sind alle gefordert&#8220; &#8211; starke-meinungen.de\" data-secret=\"Qg6Bn4Kzgu\" frameborder=\"0\" marginwidth=\"0\" marginheight=\"0\" scrolling=\"no\" class=\"wp-embedded-content\"><\/iframe><script type=\"text\/javascript\">\n\/* <![CDATA[ *\/\n\/*! This file is auto-generated *\/\n!function(d,l){\"use strict\";l.querySelector&&d.addEventListener&&\"undefined\"!=typeof URL&&(d.wp=d.wp||{},d.wp.receiveEmbedMessage||(d.wp.receiveEmbedMessage=function(e){var t=e.data;if((t||t.secret||t.message||t.value)&&!\/[^a-zA-Z0-9]\/.test(t.secret)){for(var s,r,n,a=l.querySelectorAll('iframe[data-secret=\"'+t.secret+'\"]'),o=l.querySelectorAll('blockquote[data-secret=\"'+t.secret+'\"]'),c=new RegExp(\"^https?:$\",\"i\"),i=0;i<o.length;i++)o[i].style.display=\"none\";for(i=0;i<a.length;i++)s=a[i],e.source===s.contentWindow&&(s.removeAttribute(\"style\"),\"height\"===t.message?(1e3<(r=parseInt(t.value,10))?r=1e3:~~r<200&&(r=200),s.height=r):\"link\"===t.message&&(r=new URL(s.getAttribute(\"src\")),n=new URL(t.value),c.test(n.protocol))&&n.host===r.host&&l.activeElement===s&&(d.top.location.href=t.value))}},d.addEventListener(\"message\",d.wp.receiveEmbedMessage,!1),l.addEventListener(\"DOMContentLoaded\",function(){for(var e,t,s=l.querySelectorAll(\"iframe.wp-embedded-content\"),r=0;r<s.length;r++)(t=(e=s[r]).getAttribute(\"data-secret\"))||(t=Math.random().toString(36).substring(2,12),e.src+=\"#?secret=\"+t,e.setAttribute(\"data-secret\",t)),e.contentWindow.postMessage({message:\"ready\",secret:t},\"*\")},!1)))}(window,document);\n\/\/# sourceURL=https:\/\/starke-meinungen.de\/blog\/wp-includes\/js\/wp-embed.min.js\n\/* ]]> *\/\n<\/script>\n","description":"Von Alois Gl\u00fcck, Pr\u00e4sident des Zentralkomitees der deutschen Katholiken und Mitglied im Denkkreis &#8222;Funktionsf\u00e4higkeit&#8220; des Denkwerks Zukunft: Unsere bisherige Art zu leben und zu wirtschaften ist nicht zukunftsf\u00e4hig. Unser Gemeinwesen ist in der Situation einer Firma, die auf den ersten Blick mit ihrem Erfolg beeindruckt. Bei n\u00e4herem Hinschauen wird aber sichtbar, dass die laufenden Betriebskosten und die wachsenden Reparaturkosten den... Weiterlesen &raquo;","thumbnail_url":"https:\/\/starke-meinungen.de\/blog\/wp-content\/uploads\/starke-meinungen-fb-header.jpg","thumbnail_width":1200,"thumbnail_height":630}

Von Alois Glück, Präsident des Zentralkomitees der deutschen Katholiken und Mitglied im Denkkreis &#8222;Funktionsfähigkeit&#8220; des Denkwerks Zukunft: Unsere bisherige Art zu leben und zu wirtschaften ist nicht zukunftsfähig. Unser Gemeinwesen ist in der Situation einer Firma, die auf den ersten Blick mit ihrem Erfolg beeindruckt. Bei näherem Hinschauen wird aber sichtbar, dass die laufenden Betriebskosten und die wachsenden Reparaturkosten den... Weiterlesen &raquo;
