

{"version":"1.0","provider_name":"starke-meinungen.de","provider_url":"https:\/\/starke-meinungen.de\/blog","author_name":"Alan Posener","author_url":"https:\/\/starke-meinungen.de\/blog\/author\/posener\/","title":"\"Nieder mit dem Fr\u00fchst\u00fccksb\u00fcfett!\" - starke-meinungen.de","type":"rich","width":600,"height":338,"html":"<blockquote class=\"wp-embedded-content\" data-secret=\"PivSiqgWHO\"><a href=\"https:\/\/starke-meinungen.de\/blog\/2009\/12\/15\/nieder-mit-dem-fruhstucksbufett\/\">&#8222;Nieder mit dem Fr\u00fchst\u00fccksb\u00fcfett!&#8220;<\/a><\/blockquote><iframe sandbox=\"allow-scripts\" security=\"restricted\" src=\"https:\/\/starke-meinungen.de\/blog\/2009\/12\/15\/nieder-mit-dem-fruhstucksbufett\/embed\/#?secret=PivSiqgWHO\" width=\"600\" height=\"338\" title=\"&#8222;&#8222;Nieder mit dem Fr\u00fchst\u00fccksb\u00fcfett!&#8220;&#8220; &#8211; starke-meinungen.de\" data-secret=\"PivSiqgWHO\" frameborder=\"0\" marginwidth=\"0\" marginheight=\"0\" scrolling=\"no\" class=\"wp-embedded-content\"><\/iframe><script type=\"text\/javascript\">\n\/* <![CDATA[ *\/\n\/*! This file is auto-generated *\/\n!function(d,l){\"use strict\";l.querySelector&&d.addEventListener&&\"undefined\"!=typeof URL&&(d.wp=d.wp||{},d.wp.receiveEmbedMessage||(d.wp.receiveEmbedMessage=function(e){var t=e.data;if((t||t.secret||t.message||t.value)&&!\/[^a-zA-Z0-9]\/.test(t.secret)){for(var s,r,n,a=l.querySelectorAll('iframe[data-secret=\"'+t.secret+'\"]'),o=l.querySelectorAll('blockquote[data-secret=\"'+t.secret+'\"]'),c=new RegExp(\"^https?:$\",\"i\"),i=0;i<o.length;i++)o[i].style.display=\"none\";for(i=0;i<a.length;i++)s=a[i],e.source===s.contentWindow&&(s.removeAttribute(\"style\"),\"height\"===t.message?(1e3<(r=parseInt(t.value,10))?r=1e3:~~r<200&&(r=200),s.height=r):\"link\"===t.message&&(r=new URL(s.getAttribute(\"src\")),n=new URL(t.value),c.test(n.protocol))&&n.host===r.host&&l.activeElement===s&&(d.top.location.href=t.value))}},d.addEventListener(\"message\",d.wp.receiveEmbedMessage,!1),l.addEventListener(\"DOMContentLoaded\",function(){for(var e,t,s=l.querySelectorAll(\"iframe.wp-embedded-content\"),r=0;r<s.length;r++)(t=(e=s[r]).getAttribute(\"data-secret\"))||(t=Math.random().toString(36).substring(2,12),e.src+=\"#?secret=\"+t,e.setAttribute(\"data-secret\",t)),e.contentWindow.postMessage({message:\"ready\",secret:t},\"*\")},!1)))}(window,document);\n\/\/# sourceURL=https:\/\/starke-meinungen.de\/blog\/wp-includes\/js\/wp-embed.min.js\n\/* ]]> *\/\n<\/script>\n","description":"W\u00e4hrend hier \u00fcber Petitessen wie Kunduz oder die Klimapolitik gestritten wird, findet sich niemand, der den Skandal gei\u00dfelt, der sich Hotelfr\u00fchst\u00fcck nennt. Dabei geht es mir nicht um die Frage, ob man darauf sieben oder neunzehn Prozent Mehrwertsteuer zahlen muss. Das ist eine Sache zwischen dem Hotelbesitzer und meinem Arbeitgeber. Mir geht es ums Prinzip.","thumbnail_url":"https:\/\/starke-meinungen.de\/blog\/wp-content\/uploads\/starke-meinungen-fb-header.jpg","thumbnail_width":1200,"thumbnail_height":630}

"Nieder mit dem Frühstücksbüfett!" - starke-meinungen.de

<blockquote class="wp-embedded-content" data-secret="PivSiqgWHO"><a href="https://starke-meinungen.de/blog/2009/12/15/nieder-mit-dem-fruhstucksbufett/">&#8222;Nieder mit dem Frühstücksbüfett!&#8220;</a></blockquote><iframe sandbox="allow-scripts" security="restricted" src="https://starke-meinungen.de/blog/2009/12/15/nieder-mit-dem-fruhstucksbufett/embed/#?secret=PivSiqgWHO" width="600" height="338" title="&#8222;&#8222;Nieder mit dem Frühstücksbüfett!&#8220;&#8220; &#8211; starke-meinungen.de" data-secret="PivSiqgWHO" frameborder="0" marginwidth="0" marginheight="0" scrolling="no" class="wp-embedded-content"></iframe><script type="text/javascript">
/* <![CDATA[ */
/*! This file is auto-generated */
!function(d,l){"use strict";l.querySelector&&d.addEventListener&&"undefined"!=typeof URL&&(d.wp=d.wp||{},d.wp.receiveEmbedMessage||(d.wp.receiveEmbedMessage=function(e){var t=e.data;if((t||t.secret||t.message||t.value)&&!/[^a-zA-Z0-9]/.test(t.secret)){for(var s,r,n,a=l.querySelectorAll('iframe[data-secret="'+t.secret+'"]'),o=l.querySelectorAll('blockquote[data-secret="'+t.secret+'"]'),c=new RegExp("^https?:$","i"),i=0;i<o.length;i++)o[i].style.display="none";for(i=0;i<a.length;i++)s=a[i],e.source===s.contentWindow&&(s.removeAttribute("style"),"height"===t.message?(1e3<(r=parseInt(t.value,10))?r=1e3:~~r<200&&(r=200),s.height=r):"link"===t.message&&(r=new URL(s.getAttribute("src")),n=new URL(t.value),c.test(n.protocol))&&n.host===r.host&&l.activeElement===s&&(d.top.location.href=t.value))}},d.addEventListener("message",d.wp.receiveEmbedMessage,!1),l.addEventListener("DOMContentLoaded",function(){for(var e,t,s=l.querySelectorAll("iframe.wp-embedded-content"),r=0;r<s.length;r++)(t=(e=s[r]).getAttribute("data-secret"))||(t=Math.random().toString(36).substring(2,12),e.src+="#?secret="+t,e.setAttribute("data-secret",t)),e.contentWindow.postMessage({message:"ready",secret:t},"*")},!1)))}(window,document);
//# sourceURL=https://starke-meinungen.de/blog/wp-includes/js/wp-embed.min.js
/* ]]> */
</script>

Während hier über Petitessen wie Kunduz oder die Klimapolitik gestritten wird, findet sich niemand, der den Skandal geißelt, der sich Hotelfrühstück nennt. Dabei geht es mir nicht um die Frage, ob man darauf sieben oder neunzehn Prozent Mehrwertsteuer zahlen muss. Das ist eine Sache zwischen dem Hotelbesitzer und meinem Arbeitgeber. Mir geht es ums Prinzip.
